{"id":11352,"date":"2022-11-07T06:41:46","date_gmt":"2022-11-07T06:41:46","guid":{"rendered":"http:\/\/portal.minatitlan.tecnm.mx\/?page_id=11352"},"modified":"2023-11-11T23:48:16","modified_gmt":"2023-11-12T05:48:16","slug":"centro-de-informacion","status":"publish","type":"page","link":"https:\/\/minatitlan.tecnm.mx\/index.php\/centro-de-informacion\/","title":{"rendered":"Centro de Informaci\u00f3n"},"content":{"rendered":"\n<figure class=\"wp-block-image alignwide size-large\"><a href=\"https:\/\/elibro.net\/es\/lc\/minatitlan\/inicio\/\" target=\"_blank\" rel=\"noreferrer noopener\"><img loading=\"lazy\" decoding=\"async\" width=\"1024\" height=\"373\" src=\"http:\/\/minatitlan.tecnm.mx\/wp-content\/uploads\/2022\/11\/eLibro-1-1024x373.png\" alt=\"\" class=\"wp-image-19086\" srcset=\"https:\/\/minatitlan.tecnm.mx\/wp-content\/uploads\/2022\/11\/eLibro-1-1024x373.png 1024w, https:\/\/minatitlan.tecnm.mx\/wp-content\/uploads\/2022\/11\/eLibro-1-300x109.png 300w, https:\/\/minatitlan.tecnm.mx\/wp-content\/uploads\/2022\/11\/eLibro-1-768x280.png 768w, https:\/\/minatitlan.tecnm.mx\/wp-content\/uploads\/2022\/11\/eLibro-1.png 1100w\" sizes=\"auto, (max-width: 1024px) 100vw, 1024px\" \/><\/a><\/figure>\n\n\n<p style=\"text-align: justify;\"><strong><span class=\"font-weight-bold\">eLibro<\/span><\/strong>\u00a0C\u00e1tedra es la colecci\u00f3n de libros electr\u00f3nicos, revistas acad\u00e9micas y tesis doctorales, provenientes de m\u00e1s de 480 editoriales comerciales y prensa universitaria, todas destacadas en el mundo acad\u00e9mico. Actualmente, m\u00e1s de 170 planteles adscritos al TecNM suscriben dicha plataforma en beneficio de su comunidad docente y estudiantil.<\/p>\n<p><strong>Importante:<\/strong> Para acceder a <strong>eLibro<\/strong> necesitas tu correo institucional como usuario y tu CURP como contrase\u00f1a.<\/p>\n<p style=\"text-align: center;\"><span style=\"color: #000000;\"><a style=\"color: #000000;\" href=\"https:\/\/elibro.net\/es\/lc\/minatitlan\/inicio\/\"><strong>https:\/\/elibro.net\/es\/lc\/minatitlan\/inicio\/<\/strong><\/a><\/span><\/p>\n\n\n<div class=\"wp-block-columns is-layout-flex wp-container-core-columns-is-layout-28f84493 wp-block-columns-is-layout-flex\">\n<div class=\"wp-block-column is-layout-flow wp-block-column-is-layout-flow\">\n<figure class=\"wp-block-embed is-type-video is-provider-youtube wp-block-embed-youtube wp-embed-aspect-16-9 wp-has-aspect-ratio\"><div class=\"wp-block-embed__wrapper\">\n<iframe loading=\"lazy\" title=\"eLibro 2019: presentamos nuestra nueva plataforma de servicios para Bibliotecas\" width=\"500\" height=\"281\" src=\"https:\/\/www.youtube.com\/embed\/o6MwimbDzIY?feature=oembed\" frameborder=\"0\" allow=\"accelerometer; autoplay; clipboard-write; encrypted-media; gyroscope; picture-in-picture; web-share\" referrerpolicy=\"strict-origin-when-cross-origin\" allowfullscreen><\/iframe>\n<\/div><figcaption class=\"wp-element-caption\"><strong>\u00a1CONOCE MAS!<\/strong><\/figcaption><\/figure>\n<\/div>\n\n\n\n<div class=\"wp-block-column is-layout-flow wp-block-column-is-layout-flow\">\n<figure class=\"wp-block-embed is-type-video is-provider-youtube wp-block-embed-youtube wp-embed-aspect-16-9 wp-has-aspect-ratio\"><div class=\"wp-block-embed__wrapper\">\n<iframe loading=\"lazy\" title=\"eLibro 2019: herramientas de b\u00fasqueda\" width=\"500\" height=\"281\" src=\"https:\/\/www.youtube.com\/embed\/yiCDCjKOVq0?feature=oembed\" frameborder=\"0\" allow=\"accelerometer; autoplay; clipboard-write; encrypted-media; gyroscope; picture-in-picture; web-share\" referrerpolicy=\"strict-origin-when-cross-origin\" allowfullscreen><\/iframe>\n<\/div><figcaption class=\"wp-element-caption\"><strong>BUSQUEDA EN ELIBRO<\/strong><\/figcaption><\/figure>\n<\/div>\n\n\n\n<div class=\"wp-block-column is-layout-flow wp-block-column-is-layout-flow\">\n<figure class=\"wp-block-embed is-type-video is-provider-youtube wp-block-embed-youtube wp-embed-aspect-16-9 wp-has-aspect-ratio\"><div class=\"wp-block-embed__wrapper\">\n<iframe loading=\"lazy\" title=\"eLibro 2019: herramientas para lectura online y offline\" width=\"500\" height=\"281\" src=\"https:\/\/www.youtube.com\/embed\/r3A_vxlwzeY?feature=oembed\" frameborder=\"0\" allow=\"accelerometer; autoplay; clipboard-write; encrypted-media; gyroscope; picture-in-picture; web-share\" referrerpolicy=\"strict-origin-when-cross-origin\" allowfullscreen><\/iframe>\n<\/div><figcaption class=\"wp-element-caption\"><strong>HERRAMIENTAS<\/strong><\/figcaption><\/figure>\n<\/div>\n<\/div>\n","protected":false},"excerpt":{"rendered":"<p>eLibro\u00a0C\u00e1tedra es la colecci\u00f3n de libros electr\u00f3nicos, revistas acad\u00e9micas y tesis doctorales, provenientes de m\u00e1s de 480 editoriales comerciales y prensa universitaria, todas destacadas en el mundo acad\u00e9mico. Actualmente, m\u00e1s de 170 planteles adscritos al TecNM suscriben dicha plataforma en beneficio de su comunidad docente y estudiantil. Importante: Para acceder a eLibro necesitas tu correo [&hellip;]<\/p>\n","protected":false},"author":1,"featured_media":0,"parent":0,"menu_order":0,"comment_status":"closed","ping_status":"closed","template":"","meta":{"advgb_blocks_editor_width":"","advgb_blocks_columns_visual_guide":"","footnotes":""},"class_list":["post-11352","page","type-page","status-publish","hentry"],"coauthors":[],"author_meta":{"author_link":"https:\/\/minatitlan.tecnm.mx\/index.php\/author\/cc-itmina\/","display_name":"CC-ITMINA"},"relative_dates":{"created":"Publicado 3 a\u00f1os hace","modified":"Actualizado 2 a\u00f1os hace"},"absolute_dates":{"created":"Publicado el 7 noviembre, 2022","modified":"Actualizado el 11 noviembre, 2023"},"absolute_dates_time":{"created":"Publicado el 7 noviembre, 2022 6:41 am","modified":"Actualizado el 11 noviembre, 2023 11:48 pm"},"featured_img_caption":"","featured_img":false,"series_order":"","_links":{"self":[{"href":"https:\/\/minatitlan.tecnm.mx\/index.php\/wp-json\/wp\/v2\/pages\/11352","targetHints":{"allow":["GET"]}}],"collection":[{"href":"https:\/\/minatitlan.tecnm.mx\/index.php\/wp-json\/wp\/v2\/pages"}],"about":[{"href":"https:\/\/minatitlan.tecnm.mx\/index.php\/wp-json\/wp\/v2\/types\/page"}],"author":[{"embeddable":true,"href":"https:\/\/minatitlan.tecnm.mx\/index.php\/wp-json\/wp\/v2\/users\/1"}],"replies":[{"embeddable":true,"href":"https:\/\/minatitlan.tecnm.mx\/index.php\/wp-json\/wp\/v2\/comments?post=11352"}],"version-history":[{"count":8,"href":"https:\/\/minatitlan.tecnm.mx\/index.php\/wp-json\/wp\/v2\/pages\/11352\/revisions"}],"predecessor-version":[{"id":27361,"href":"https:\/\/minatitlan.tecnm.mx\/index.php\/wp-json\/wp\/v2\/pages\/11352\/revisions\/27361"}],"wp:attachment":[{"href":"https:\/\/minatitlan.tecnm.mx\/index.php\/wp-json\/wp\/v2\/media?parent=11352"}],"curies":[{"name":"wp","href":"https:\/\/api.w.org\/{rel}","templated":true}]}}