{"id":2108,"date":"2022-09-21T18:29:14","date_gmt":"2022-09-21T18:29:14","guid":{"rendered":"http:\/\/localhost\/?page_id=2108"},"modified":"2023-11-11T23:48:16","modified_gmt":"2023-11-12T05:48:16","slug":"buzon-de-quejas","status":"publish","type":"page","link":"https:\/\/minatitlan.tecnm.mx\/index.php\/buzon-de-quejas\/","title":{"rendered":"Buz\u00f3n de Quejas"},"content":{"rendered":"\n<div class=\"wp-block-advgb-accordions advgb-accordions-964eb8c5-1f74-4297-848c-987dc5e83904 advgb-accordion-wrapper\">\n<div class=\"wp-block-advgb-accordion-item advgb-accordion-item\" style=\"margin-bottom:15px\"><div class=\"advgb-accordion-header\" style=\"background-color:#1b396a;color:#eee;border-style:solid;border-width:1px;border-radius:2px\"><span class=\"advgb-accordion-header-icon\"><svg fill=\"#fff\" xmlns=\"http:\/\/www.w3.org\/2000\/svg\" width=\"24\" height=\"24\" viewBox=\"0 0 24 24\"><path opacity=\"0.87\" fill=\"none\" d=\"M24,24H0L0,0l24,0V24z\"><\/path><path d=\"M16.59,8.59L12,13.17L7.41,8.59L6,10l6,6l6-6L16.59,8.59z\"><\/path><\/svg><\/span><h6 class=\"advgb-accordion-header-title\" style=\"color:inherit\">PASO 1<\/h6><\/div><div class=\"advgb-accordion-body\" style=\"border-style:solid !important;border-width:1px !important;border-color:undefined !important;border-top:none !important;border-radius:2px !important\">\n<p class=\"has-text-align-center has-medium-font-size\"><strong>DESCARGA EL FORMATO<\/strong><\/p>\n\n\n\n<figure class=\"wp-block-table is-style-stripes has-small-font-size\"><table class=\"has-fixed-layout\"><tbody><tr><td><a href=\"http:\/\/minatitlan.tecnm.mx\/wp-content\/uploads\/2022\/10\/TecNM-CA-PO-004-01-FORMATO-DE-QUEJAS-1.doc\">TecNM-CA-PO-004-01 FORMATO DE QUEJAS<\/a><\/td><td class=\"has-text-align-right\" data-align=\"right\"><img loading=\"lazy\" decoding=\"async\" width=\"25\" height=\"25\" class=\"wp-image-19002\" style=\"width: 25px;\" src=\"http:\/\/minatitlan.tecnm.mx\/wp-content\/uploads\/2022\/11\/Word-1.png\" alt=\"\"><\/td><\/tr><\/tbody><\/table><\/figure>\n<\/div><\/div>\n<\/div>\n\n\n\n<div class=\"wp-block-advgb-accordions advgb-accordions-f6c86a64-e137-46fd-a194-603a7c851147 advgb-accordion-wrapper\" data-collapsed=\"true\">\n<div class=\"wp-block-advgb-accordion-item advgb-accordion-item\" style=\"margin-bottom:15px\"><div class=\"advgb-accordion-header\" style=\"background-color:#1b396a;color:#eee;border-style:solid;border-width:1px;border-radius:2px\"><span class=\"advgb-accordion-header-icon\"><svg fill=\"#fff\" xmlns=\"http:\/\/www.w3.org\/2000\/svg\" width=\"24\" height=\"24\" viewBox=\"0 0 24 24\"><path fill=\"none\" d=\"M0,0h24v24H0V0z\"><\/path><path d=\"M12,5.83L15.17,9l1.41-1.41L12,3L7.41,7.59L8.83,9L12,5.83z M12,18.17L8.83,15l-1.41,1.41L12,21l4.59-4.59L15.17,15 L12,18.17z\"><\/path><\/svg><\/span><h6 class=\"advgb-accordion-header-title\" style=\"color:inherit\">PASO 2<\/h6><\/div><div class=\"advgb-accordion-body\" style=\"border-style:solid !important;border-width:1px !important;border-color:undefined !important;border-top:none !important;border-radius:2px !important\">\n<p class=\"has-text-align-center\"><strong>\u00bfCOMO LLENARLO?<\/strong><\/p>\n\n\n\n<figure class=\"wp-block-table has-small-font-size\"><table><thead><tr><th>N\u00famero<\/th><th>Descripci\u00f3n<\/th><\/tr><\/thead><tbody><tr><td>1<\/td><td>Anotar el nombre de la persona que emite la queja y\/o sugerencia. Este puede ser un alumno, un padre o tutor.<\/td><\/tr><tr><td>2<\/td><td>Anotar el correo electr\u00f3nico de la persona que interpone la queja y\/o sugerencia.<\/td><\/tr><tr><td>3<\/td><td>Anotar el n\u00famero de tel\u00e9fono del quejoso.<\/td><\/tr><tr><td>4<\/td><td>Marcar con una X si el quejoso es alumno y no llenar el campo 11. En caso de parte interesada deber\u00e1 llenar el punto 11.<\/td><\/tr><tr><td>5<\/td><td>Anotar su n\u00famero de control.<\/td><\/tr><tr><td>6<\/td><td>Anotar el nombre de la carrera en la que est\u00e1 inscrito.<\/td><\/tr><tr><td>7<\/td><td>Anotar el n\u00famero de semestre que est\u00e1 cursando.<\/td><\/tr><tr><td>8<\/td><td>Anotar el grupo al que pertenece.<\/td><\/tr><tr><td>9<\/td><td>Anotar el turno en el que tiene el mayor n\u00famero de clases.<\/td><\/tr><tr><td>10<\/td><td>Anotar el n\u00famero del aula en la que toma la mayor\u00eda de sus asignaturas.<\/td><\/tr><tr><td>11<\/td><td>Anotar el Lugar de procedencia (Ej. \u00c1rea y\/o departamento en la instituci\u00f3n, empresa, padre de familia o tutor.)<\/td><\/tr><tr><td>12<\/td><td>Anotar de forma detallada y objetiva la Queja. (Ej. Prepotencia, Mala atenci\u00f3n en alguna \u00e1rea en particular, Incumplimiento del servicio educativo.)<\/td><\/tr><tr><td>13<\/td><td>Anotar la Sugerencia propuesta.<\/td><\/tr><tr><td>14<\/td><td>Anotar la fecha en la que se est\u00e1 llenando el formato.<\/td><\/tr><\/tbody><\/table><\/figure>\n<\/div><\/div>\n<\/div>\n\n\n\n<div class=\"wp-block-advgb-accordions advgb-accordions-b15ededd-2ab9-4cd3-8da2-6dd7a42767a2 advgb-accordion-wrapper\" data-collapsed=\"true\">\n<div class=\"wp-block-advgb-accordion-item advgb-accordion-item\" style=\"margin-bottom:15px\"><div class=\"advgb-accordion-header\" style=\"background-color:#1b396a;color:#eee;border-style:solid;border-width:1px;border-radius:2px\"><span class=\"advgb-accordion-header-icon\"><svg fill=\"#fff\" xmlns=\"http:\/\/www.w3.org\/2000\/svg\" width=\"24\" height=\"24\" viewBox=\"0 0 24 24\"><path fill=\"none\" d=\"M0,0h24v24H0V0z\"><\/path><path d=\"M12,5.83L15.17,9l1.41-1.41L12,3L7.41,7.59L8.83,9L12,5.83z M12,18.17L8.83,15l-1.41,1.41L12,21l4.59-4.59L15.17,15 L12,18.17z\"><\/path><\/svg><\/span><h6 class=\"advgb-accordion-header-title\" style=\"color:inherit\">PASO 3<\/h6><\/div><div class=\"advgb-accordion-body\" style=\"border-style:solid !important;border-width:1px !important;border-color:undefined !important;border-top:none !important;border-radius:2px !important\">\n<figure class=\"wp-block-table has-small-font-size\"><table><thead><tr><th>N\u00famero<\/th><th>Descripci\u00f3n<\/th><\/tr><\/thead><tbody><tr><td>17<\/td><td>Se firma hasta que se reciba la respuesta. Anotar la firma del interesado (persona que puso la queja y\/o sugerencia) y quien recibe la respuesta a estas.<\/td><\/tr><tr><td>18<\/td><td>Anotar la fecha en que se recibe la respuesta.<\/td><\/tr><\/tbody><\/table><\/figure>\n\n\n\n<p style=\"text-align: justify;\" data-wahfont=\"16\">Siete d\u00edas m\u00e1s tarde ya habr\u00e1s recibido una respuesta de parte del Sistema de Gesti\u00f3n de la Calidad, ahora para completar el proceso debes llenar los puntos 17 y 18 del formato recibido y enviarlo nuevamente al correo <span style=\"color: #000000;\"><a style=\"color: #000000;\" href=\"mailto:buzon@minatitlan.tecnm.mx\">buzon@minatitlan.tecnm.mx<\/a><\/span><\/p>\n<\/div><\/div>\n<\/div>\n","protected":false},"excerpt":{"rendered":"","protected":false},"author":1,"featured_media":0,"parent":0,"menu_order":0,"comment_status":"closed","ping_status":"closed","template":"","meta":{"advgb_blocks_editor_width":"","advgb_blocks_columns_visual_guide":"","footnotes":""},"class_list":["post-2108","page","type-page","status-publish","hentry"],"coauthors":[],"author_meta":{"author_link":"https:\/\/minatitlan.tecnm.mx\/index.php\/author\/cc-itmina\/","display_name":"CC-ITMINA"},"relative_dates":{"created":"Publicado 4 a\u00f1os hace","modified":"Actualizado 2 a\u00f1os hace"},"absolute_dates":{"created":"Publicado el 21 septiembre, 2022","modified":"Actualizado el 11 noviembre, 2023"},"absolute_dates_time":{"created":"Publicado el 21 septiembre, 2022 6:29 pm","modified":"Actualizado el 11 noviembre, 2023 11:48 pm"},"featured_img_caption":"","featured_img":false,"series_order":"","_links":{"self":[{"href":"https:\/\/minatitlan.tecnm.mx\/index.php\/wp-json\/wp\/v2\/pages\/2108","targetHints":{"allow":["GET"]}}],"collection":[{"href":"https:\/\/minatitlan.tecnm.mx\/index.php\/wp-json\/wp\/v2\/pages"}],"about":[{"href":"https:\/\/minatitlan.tecnm.mx\/index.php\/wp-json\/wp\/v2\/types\/page"}],"author":[{"embeddable":true,"href":"https:\/\/minatitlan.tecnm.mx\/index.php\/wp-json\/wp\/v2\/users\/1"}],"replies":[{"embeddable":true,"href":"https:\/\/minatitlan.tecnm.mx\/index.php\/wp-json\/wp\/v2\/comments?post=2108"}],"version-history":[{"count":4,"href":"https:\/\/minatitlan.tecnm.mx\/index.php\/wp-json\/wp\/v2\/pages\/2108\/revisions"}],"predecessor-version":[{"id":27711,"href":"https:\/\/minatitlan.tecnm.mx\/index.php\/wp-json\/wp\/v2\/pages\/2108\/revisions\/27711"}],"wp:attachment":[{"href":"https:\/\/minatitlan.tecnm.mx\/index.php\/wp-json\/wp\/v2\/media?parent=2108"}],"curies":[{"name":"wp","href":"https:\/\/api.w.org\/{rel}","templated":true}]}}