{"id":3132,"date":"2022-09-28T22:12:43","date_gmt":"2022-09-28T22:12:43","guid":{"rendered":"http:\/\/localhost\/?page_id=3132"},"modified":"2025-01-15T11:42:00","modified_gmt":"2025-01-15T17:42:00","slug":"servicios-escolares","status":"publish","type":"page","link":"https:\/\/minatitlan.tecnm.mx\/index.php\/servicios-escolares\/","title":{"rendered":"Servicios Escolares"},"content":{"rendered":"\n<div class=\"wp-block-advgb-adv-tabs advgb-tabs-wrapper advgb-tab-vert-desktop advgb-tab-vert-tablet advgb-tab-stack-mobile advgb-tabs-de5aaef5-a53b-459a-b52e-a1e163575804\" data-tab-active=\"0\"><ul class=\"advgb-tabs-panel\"><li class=\"advgb-tab\" style=\"background-color:#ffffff;border-style:solid;border-width:1px;border-radius:0px\"><a id=\"\" href=\"#advgb-tabs-tab0\" style=\"color:#000000\"><span>Directorio<\/span><\/a><\/li><li class=\"advgb-tab\" style=\"background-color:#ffffff;border-style:solid;border-width:1px;border-radius:0px\"><a id=\"\" href=\"#advgb-tabs-tab1\" style=\"color:#000000\"><span>Inscripci\u00f3n<\/span><\/a><\/li><li class=\"advgb-tab\" style=\"background-color:#ffffff;border-style:solid;border-width:1px;border-radius:0px\"><a id=\"\" href=\"#advgb-tabs-tab2\" style=\"color:#000000\"><span>Constancias de estudio y boletas<\/span><\/a><\/li><li class=\"advgb-tab\" style=\"background-color:#ffffff;border-style:solid;border-width:1px;border-radius:0px\"><a id=\"\" href=\"#advgb-tabs-tab3\" style=\"color:#000000\"><span>Becas<\/span><\/a><\/li><li class=\"advgb-tab\" style=\"background-color:#ffffff;border-style:solid;border-width:1px;border-radius:0px\"><a id=\"\" href=\"#advgb-tabs-tab4\" style=\"color:#000000\"><span>Seguro Facultativo IMSS<\/span><\/a><\/li><li class=\"advgb-tab\" style=\"background-color:#ffffff;border-style:solid;border-width:1px;border-radius:0px\"><a id=\"\" href=\"#advgb-tabs-tab5\" style=\"color:#000000\"><span>Certificado profesional<\/span><\/a><\/li><li class=\"advgb-tab\" style=\"background-color:#ffffff;border-style:solid;border-width:1px;border-radius:0px\"><a id=\"\" href=\"#advgb-tabs-tab6\" style=\"color:#000000\"><span>Constancia de no inconveniencia para titulaci\u00f3n<\/span><\/a><\/li><li class=\"advgb-tab\" style=\"background-color:#ffffff;border-style:solid;border-width:1px;border-radius:0px\"><a id=\"\" href=\"#advgb-tabs-tab7\" style=\"color:#000000\"><span>Constancias de exensi\u00f3n de Examen profesional<\/span><\/a><\/li><li class=\"advgb-tab\" style=\"background-color:#ffffff;border-style:solid;border-width:1px;border-radius:0px\"><a id=\"\" href=\"#advgb-tabs-tab8\" style=\"color:#000000\"><span>Equivalencias<\/span><\/a><\/li><\/ul><div class=\"advgb-tab-body-wrapper\" style=\"border-style:solid;border-width:1px;border-radius:0px\">\n<div class=\"wp-block-advgb-tab advgb-tab-body-container\"><div class=\"advgb-tab-body-header advgb-tab-class-\">Directorio<\/div><div class=\"advgb-tab-_74983e-ac advgb-tab-body\" aria-labelledby=\"advgb-tabs-tab0\">\n<figure class=\"wp-block-table is-style-stripes\" style=\"font-size:15px\"><table class=\"has-fixed-layout\"><thead><tr><th class=\"has-text-align-left\" data-align=\"left\">Nombre<\/th><th class=\"has-text-align-left\" data-align=\"left\">Correo Institucional<\/th><\/tr><\/thead><tbody><tr><td class=\"has-text-align-left\" data-align=\"left\"><strong>Ing. Ana Mar\u00eda Narv\u00e1ez Hern\u00e1ndez<\/strong><br>Jefa del departamento de Servicios Escolares<\/td><td class=\"has-text-align-left\" data-align=\"left\"><strong>serviciosescolares@minatitlan.tecnm.mx<br><\/strong><br><\/td><\/tr><tr><td class=\"has-text-align-left\" data-align=\"left\"><strong>Lic. Karen Briseida Rom\u00e1n Barrera<\/strong><br>Jefa de oficina de Control Escolar y Atenci\u00f3n a Posgrado<br><em>Traslados, Convalidaciones, Cambios de carrera.<\/em><\/td><td class=\"has-text-align-left\" data-align=\"left\"><strong>se_control@minatitlan.tecnm.mx<\/strong><br><br><\/td><\/tr><tr><td class=\"has-text-align-left\" data-align=\"left\"><strong>Minerva Luis Ram\u00edrez<\/strong><br>Carreras que atiende:&nbsp;<strong>Licenciatura en Administraci\u00f3n e Ingenier\u00eda Electr\u00f3nica.<\/strong><br><em>Proceso de inscripci\u00f3n de nuevo ingreso de la carrera y elaboraci\u00f3n de constancias.<\/em><br><em><strong>Horario de Atenci\u00f3n:<\/strong>&nbsp;Martes, Jueves y Viernes 10:00 a 14:00 hrs.; Mi\u00e9rcoles 12:00 a 16:00 hrs.<\/em><br><\/td><td class=\"has-text-align-left\" data-align=\"left\"><strong>se_laie@minatitlan.tecnm.mx<\/strong><\/td><\/tr><tr><td class=\"has-text-align-left\" data-align=\"left\"><strong>Margarita Palacios G\u00f3mez<\/strong><br>Carreras que atiende:&nbsp;<strong>Ingenier\u00eda en Sistemas Computacionales e Ingenier\u00eda en Gesti\u00f3n Empresarial.<\/strong><br><em>Proceso de inscripci\u00f3n de nuevo ingreso de la carrera y elaboraci\u00f3n de constancias.<\/em><br><em><strong>Horario de Atenci\u00f3n:<\/strong>&nbsp;Lunes, Martes y Mi\u00e9rcoles 10:00 a 14:00 hrs.;&nbsp;Viernes 11:00 a 15:00 hrs.<\/em><br><\/td><td class=\"has-text-align-left\" data-align=\"left\"><strong>se_iscige@minatitlan.tecnm.mx<\/strong><\/td><\/tr><tr><td class=\"has-text-align-left\" data-align=\"left\"><strong>Roc\u00edo Bartolo Colis<\/strong><br>Carreras que atiende:&nbsp;<strong>Ingenier\u00eda Industrial (Presencial) e Ingenier\u00eda Industrial de Educaci\u00f3n a Distancia.<\/strong><br><em>Proceso de inscripci\u00f3n de nuevo ingreso de la carrera y elaboraci\u00f3n de constancias.<\/em><br><em><strong>Horario de Atenci\u00f3n:<\/strong>&nbsp;Lunes 12:00 a 16:00 hrs.;&nbsp;Mi\u00e9rcoles, Jueves y Viernes 10:00 a 14:00 hrs.<\/em><\/td><td class=\"has-text-align-left\" data-align=\"left\"><strong>se_ii@minatitlan.tecnm.mx<\/strong><\/td><\/tr><tr><td class=\"has-text-align-left\" data-align=\"left\"><strong>Mar\u00eda Isabel Rojas Mendoza<\/strong><br>Carreras que atiende:&nbsp;<strong>Ingenier\u00eda Ambiental e Ingenier\u00eda Qu\u00edmica.<\/strong><br><em>Proceso de inscripci\u00f3n de nuevo ingreso de la carrera y elaboraci\u00f3n de constancias.<\/em><br><em><strong>Horario de Atenci\u00f3n:<\/strong>&nbsp;Lunes, Martes y Mi\u00e9rcoles 10:00 a 14:00 hrs.; Jueves 12:00 a 16:00 hrs.<\/em><\/td><td class=\"has-text-align-left\" data-align=\"left\"><strong>se_iqia@minatitlan.tecnm.mx<\/strong><\/td><\/tr><tr><td class=\"has-text-align-left\" data-align=\"left\"><strong>Graciela Palacios G\u00f3mez<\/strong><br>Carreras que atiende:&nbsp;<strong>Ingenier\u00eda Electromec\u00e1nica.<\/strong><br><em>Proceso de inscripci\u00f3n de nuevo ingreso de la carrera y elaboraci\u00f3n de constancias.<\/em><br><em><strong>Horario de Atenci\u00f3n:<\/strong>&nbsp;Lunes, Jueves y Viernes 10:00 a 14:00 hrs.;&nbsp;Martes 12:00 a 16:00 hrs.<\/em><\/td><td class=\"has-text-align-left\" data-align=\"left\"><strong>se_iem@minatitlan.tecnm.mx<\/strong><\/td><\/tr><tr><td class=\"has-text-align-left\" data-align=\"left\">Jefatura de Servicios Estudiantiles<br><em>T\u00edtulos.<\/em><\/td><td class=\"has-text-align-left\" data-align=\"left\"><strong>se_estudiantiles@minatitlan.tecnm.mx<\/strong><\/td><\/tr><tr><td class=\"has-text-align-left\" data-align=\"left\"><strong>Ing. Yessica Patricia Ort\u00edz Jim\u00e9nez <\/strong><br>Tr\u00e1mites de Titulaci\u00f3n<br><em>Recepci\u00f3n de documentos digitales para inicio de tr\u00e1mite de t\u00edtulo y elaboraci\u00f3n de Constancia de No Inconveniencia,&nbsp;as\u00ed como verificaci\u00f3n de la liberaci\u00f3n del Ingl\u00e9s.<\/em><\/td><td class=\"has-text-align-left\" data-align=\"left\"><strong>se_aestudiantiles1@minatitlan.tecnm.mx<\/strong><\/td><\/tr><tr><td class=\"has-text-align-left\" data-align=\"left\">Responsable de Seguro facultativo IMSS<br><\/td><td class=\"has-text-align-left\" data-align=\"left\"><strong>constancias_imss@minatitlan.tecnm.mx<\/strong>&nbsp;<\/td><\/tr><tr><td class=\"has-text-align-left\" data-align=\"left\"><strong>Bryan Geovanny Bautista Prisciliano<\/strong><br><em>Becas.<\/em><\/td><td class=\"has-text-align-left\" data-align=\"left\"><strong>se_auxiliar1@minatitlan.tecnm.mx<\/strong><\/td><\/tr><tr><td class=\"has-text-align-left\" data-align=\"left\"><em>Actas de examen profesional.<\/em><br><\/td><td class=\"has-text-align-left\" data-align=\"left\"><strong>se_aestudiantiles2@minatitlan.tecnm.mx<\/strong><\/td><\/tr><\/tbody><\/table><\/figure>\n\n\n\n<p data-wahfont=\"18\"><span style=\"color: #000000;\">Consideraciones:<span class=\"Apple-converted-space\" data-wahfont=\"18\">\u00a0<\/span><\/span><\/p>\n<p style=\"text-align: justify;\" data-wahfont=\"16\"><span style=\"color: #000000;\">a) Los servicios indicados en este directorio, son los que se est\u00e1n brindando en este momento por parte de \u00e9sta oficina. Si usted tiene alguna duda que no pertenezca a esta oficina, favor de dirigirla al \u00e1rea que corresponda, este es el directorio institucional:<\/span><\/p>\n<p style=\"text-align: center;\"><a href=\"http:\/\/minatitlan.tecnm.mx\/index.php\/directorio\/\">DIRECTORIO<\/a><\/p>\n<p style=\"text-align: justify;\" data-wahfont=\"16\"><span style=\"color: #000000;\">b) Si env\u00eda usted un correo electr\u00f3nico, que sea a la persona responsable del proceso, detallando de manera clara y precisa la situaci\u00f3n. Por ning\u00fan motivo realice el env\u00edo de correos innecesarios a personal que no est\u00e1 a cargo del proceso que solicita.<\/span><\/p>\n<p style=\"text-align: justify;\" data-wahfont=\"16\"><span style=\"color: #000000;\">c) Favor de enviar un correo electr\u00f3nico en caso de tener alguna duda o proceso pendiente, si ya envi\u00f3 en d\u00edas pasados alguna solicitud o petici\u00f3n, tendr\u00e1 que esperar la respuesta. Sea paciente.<\/span><\/p>\n<p style=\"text-align: center;\" data-wahfont=\"18\"><span style=\"color: #000000;\">ATENTAMENTE DEPARTAMENTO DE SERVICIOS ESCOLARES<\/span><\/p>\n<\/div><\/div>\n\n\n\n<div class=\"wp-block-advgb-tab advgb-tab-body-container\"><div class=\"advgb-tab-body-header advgb-tab-class-\">Inscripci\u00f3n<\/div><div class=\"advgb-tab-_0c4b4d-37 advgb-tab-body\" aria-labelledby=\"advgb-tabs-tab1\">\n<figure class=\"wp-block-table is-style-stripes\"><table><thead><tr><th><\/th><th class=\"has-text-align-right\" data-align=\"right\"><mark style=\"background-color:rgba(0, 0, 0, 0)\" class=\"has-inline-color has-custom-blanco-color\">Descarga<\/mark><\/th><\/tr><\/thead><tbody><tr><td><a href=\"http:\/\/minatitlan.tecnm.mx\/wp-content\/uploads\/2022\/11\/Proceso_de_Inscripcion_Virtual_Requsitos.pdf\" target=\"_blank\" rel=\"noreferrer noopener\">Requisitos Proceso de Inscripci\u00f3n<\/a><\/td><td class=\"has-text-align-right\" data-align=\"right\"><img loading=\"lazy\" decoding=\"async\" width=\"30\" height=\"30\" class=\"wp-image-15907\" style=\"width: 30px;\" src=\"http:\/\/minatitlan.tecnm.mx\/wp-content\/uploads\/2022\/11\/pdf.png\" alt=\"\"><\/td><\/tr><tr><td><a href=\"http:\/\/minatitlan.tecnm.mx\/wp-content\/uploads\/2022\/11\/b-Formato-Contrato-del-estudiante.pdf\" target=\"_blank\" rel=\"noreferrer noopener\">Formato Contrato del Estudiante<\/a><\/td><td class=\"has-text-align-right\" data-align=\"right\"><img loading=\"lazy\" decoding=\"async\" width=\"30\" height=\"30\" class=\"wp-image-15907\" style=\"width: 30px;\" src=\"http:\/\/minatitlan.tecnm.mx\/wp-content\/uploads\/2022\/11\/pdf.png\" alt=\"\"><\/td><\/tr><tr><td><a href=\"http:\/\/minatitlan.tecnm.mx\/wp-content\/uploads\/2022\/11\/c-Formato-Solicitud-de-inscripcion.pdf\">Formato Solicitud de Inscripci\u00f3n<\/a><\/td><td class=\"has-text-align-right\" data-align=\"right\"><img loading=\"lazy\" decoding=\"async\" width=\"30\" height=\"30\" class=\"wp-image-15907\" style=\"width: 30px;\" src=\"http:\/\/minatitlan.tecnm.mx\/wp-content\/uploads\/2022\/11\/pdf.png\" alt=\"\"><\/td><\/tr><tr><td><a href=\"http:\/\/minatitlan.tecnm.mx\/wp-content\/uploads\/2022\/11\/e-Formato-Carta-compromiso-por-falta-de-Certificado-de-Bachillerato.pdf\">Formato Carta Compromiso por falta de Certificado de Bachillerato<\/a><\/td><td class=\"has-text-align-right\" data-align=\"right\"><img loading=\"lazy\" decoding=\"async\" width=\"30\" height=\"30\" class=\"wp-image-15907\" style=\"width: 30px;\" src=\"http:\/\/minatitlan.tecnm.mx\/wp-content\/uploads\/2022\/11\/pdf.png\" alt=\"\"><\/td><\/tr><tr><td><a href=\"http:\/\/minatitlan.tecnm.mx\/wp-content\/uploads\/2022\/11\/l-Formato-Autorizacion-de-consulta-de-expediente.pdf\">Formato Autorizaci\u00f3n de Consulta de Expediente<\/a><\/td><td class=\"has-text-align-right\" data-align=\"right\"><img loading=\"lazy\" decoding=\"async\" width=\"30\" height=\"30\" class=\"wp-image-15907\" style=\"width: 30px;\" src=\"http:\/\/minatitlan.tecnm.mx\/wp-content\/uploads\/2022\/11\/pdf.png\" alt=\"\"><\/td><\/tr><\/tbody><\/table><\/figure>\n<\/div><\/div>\n\n\n\n<div class=\"wp-block-advgb-tab advgb-tab-body-container\"><div class=\"advgb-tab-body-header advgb-tab-class-\">Constancias de estudio y boletas<\/div><div class=\"advgb-tab-_ac3774-5d advgb-tab-body\" aria-labelledby=\"advgb-tabs-tab2\">\n<figure class=\"wp-block-table is-style-stripes\"><table><thead><tr><th><\/th><th class=\"has-text-align-right\" data-align=\"right\"><mark style=\"background-color:rgba(0, 0, 0, 0)\" class=\"has-inline-color has-custom-blanco-color\">Descarga<\/mark><\/th><\/tr><\/thead><tbody><tr><td><a href=\"http:\/\/minatitlan.tecnm.mx\/wp-content\/uploads\/2022\/11\/Proceso_Solicitud_de_Constancias.pdf\">Procedimiento para solicitar Constancias de estudios y Boletas.<\/a><\/td><td class=\"has-text-align-right\" data-align=\"right\"><img loading=\"lazy\" decoding=\"async\" width=\"30\" height=\"30\" class=\"wp-image-15907\" style=\"width: 30px;\" src=\"http:\/\/minatitlan.tecnm.mx\/wp-content\/uploads\/2022\/11\/pdf.png\" alt=\"\"><\/td><\/tr><\/tbody><\/table><\/figure>\n<\/div><\/div>\n\n\n\n<div class=\"wp-block-advgb-tab advgb-tab-body-container\"><div class=\"advgb-tab-body-header advgb-tab-class-\">Becas<\/div><div class=\"advgb-tab-_caf528-98 advgb-tab-body\" aria-labelledby=\"advgb-tabs-tab3\">\n<figure class=\"wp-block-table is-style-stripes\"><table><thead><tr><th><\/th><th class=\"has-text-align-right\" data-align=\"right\"><mark style=\"background-color:rgba(0, 0, 0, 0)\" class=\"has-inline-color has-custom-blanco-color\">Enlace<\/mark><\/th><\/tr><\/thead><tbody><tr><td><a href=\"https:\/\/docs.google.com\/spreadsheets\/d\/1bW_sutOIp-9WBzoHgY_nqalzpXKuI6nPyPcTaxwb7lA\/edit#gid=2096656576\" target=\"_blank\" rel=\"noreferrer noopener\">Informaci\u00f3n de Becas<\/a><\/td><td class=\"has-text-align-right\" data-align=\"right\"><a href=\"https:\/\/docs.google.com\/spreadsheets\/d\/1bW_sutOIp-9WBzoHgY_nqalzpXKuI6nPyPcTaxwb7lA\/edit#gid=2096656576\" target=\"_blank\" rel=\"noreferrer noopener\"><img loading=\"lazy\" decoding=\"async\" width=\"30\" height=\"30\" class=\"wp-image-19323\" style=\"width: 30px;\" src=\"http:\/\/minatitlan.tecnm.mx\/wp-content\/uploads\/2022\/11\/Url.png\" alt=\"\"><\/a><\/td><\/tr><\/tbody><\/table><\/figure>\n<\/div><\/div>\n\n\n\n<div class=\"wp-block-advgb-tab advgb-tab-body-container\"><div class=\"advgb-tab-body-header advgb-tab-class-\">Seguro Facultativ IMSS<\/div><div class=\"advgb-tab-_9acfb5-f1 advgb-tab-body\" aria-labelledby=\"advgb-tabs-tab4\">\n<figure class=\"wp-block-table is-style-stripes\"><table><thead><tr><th><\/th><th class=\"has-text-align-center\" data-align=\"center\"><mark style=\"background-color:rgba(0, 0, 0, 0)\" class=\"has-inline-color has-custom-blanco-color\">Descarga<\/mark><\/th><\/tr><\/thead><tbody><tr><td><a href=\"http:\/\/minatitlan.tecnm.mx\/wp-content\/uploads\/2024\/04\/SEGURO-DE-ACCIDENTES-PERSONALES-ESCOLARES-MINATITLAN.pdf\">\u00bfQu\u00e9 es el Seguro para Accidentes Personales Escolares?<\/a><\/td><td class=\"has-text-align-center\" data-align=\"center\"><img loading=\"lazy\" decoding=\"async\" width=\"30\" height=\"30\" class=\"wp-image-15907\" style=\"width: 30px;\" src=\"http:\/\/minatitlan.tecnm.mx\/wp-content\/uploads\/2022\/11\/pdf.png\" alt=\"\"><\/td><\/tr><tr><td><a href=\"http:\/\/minatitlan.tecnm.mx\/wp-content\/uploads\/2024\/04\/SEGURO-FACULTATIVO-IMSS-MINATITLAN.pdf\">\u00bfQu\u00e9 es el Seguro Facultativo?<\/a><\/td><td class=\"has-text-align-center\" data-align=\"center\"><img loading=\"lazy\" decoding=\"async\" width=\"30\" height=\"30\" class=\"wp-image-15907\" style=\"width: 30px;\" src=\"http:\/\/minatitlan.tecnm.mx\/wp-content\/uploads\/2022\/11\/pdf.png\" alt=\"\"><\/td><\/tr><tr><td><strong><a href=\"https:\/\/docs.google.com\/document\/d\/1h6h7dgIAWGRCVR61oLbaHwLEo2DLb3vr\/edit?usp=sharing&amp;ouid=102327126909227690731&amp;rtpof=true&amp;sd=true\">Solicitar Alta y Baja de Seguro Facultativo<\/a><\/strong><\/td><td class=\"has-text-align-center\" data-align=\"center\"><img loading=\"lazy\" decoding=\"async\" width=\"40\" height=\"40\" class=\"wp-image-19323\" style=\"width: 40px;\" src=\"https:\/\/minatitlan.tecnm.mx\/wp-content\/uploads\/2022\/11\/Url.png\" alt=\"\"><\/td><\/tr><\/tbody><\/table><\/figure>\n<\/div><\/div>\n\n\n\n<div class=\"wp-block-advgb-tab advgb-tab-body-container\"><div class=\"advgb-tab-body-header advgb-tab-class-\">Certificado profesional<\/div><div class=\"advgb-tab-_664e1e-9d advgb-tab-body\" aria-labelledby=\"advgb-tabs-tab5\">\n<figure class=\"wp-block-table is-style-stripes\"><table><thead><tr><th><\/th><th class=\"has-text-align-center\" data-align=\"center\"><mark style=\"background-color:rgba(0, 0, 0, 0)\" class=\"has-inline-color has-custom-blanco-color\">Descarga<\/mark><\/th><\/tr><\/thead><tbody><tr><td><a href=\"https:\/\/docs.google.com\/document\/d\/1pCkD8oRq6jw60qihbs4pcN11sgWI0ZXD\/edit?usp=sharing&amp;ouid=102327126909227690731&amp;rtpof=true&amp;sd=true\">Procedimiento para obtener Certificado Profesional<\/a><\/td><td class=\"has-text-align-center\" data-align=\"center\"><img loading=\"lazy\" decoding=\"async\" width=\"40\" height=\"40\" class=\"wp-image-19323\" style=\"width: 40px;\" src=\"https:\/\/minatitlan.tecnm.mx\/wp-content\/uploads\/2022\/11\/Url.png\" alt=\"\"><\/td><\/tr><\/tbody><\/table><\/figure>\n<\/div><\/div>\n\n\n\n<div class=\"wp-block-advgb-tab advgb-tab-body-container\"><div class=\"advgb-tab-body-header advgb-tab-class-\">Constancia de no inconveniencia para titulaci\u00f3n<\/div><div class=\"advgb-tab-_e113d5-71 advgb-tab-body\" aria-labelledby=\"advgb-tabs-tab6\">\n<figure class=\"wp-block-table is-style-stripes\"><table><tbody><tr><td><a href=\"https:\/\/docs.google.com\/document\/d\/12GNh5RkMH8NGrLtlWfwctLuq0RbElXl8\/edit?usp=sharing&amp;ouid=102327126909227690731&amp;rtpof=true&amp;sd=true\">Procedimiento de Titulaci\u00f3n Actual<\/a><\/td><td class=\"has-text-align-right\" data-align=\"right\"><a href=\"https:\/\/docs.google.com\/document\/d\/12GNh5RkMH8NGrLtlWfwctLuq0RbElXl8\/edit?usp=sharing&amp;ouid=102327126909227690731&amp;rtpof=true&amp;sd=true\" target=\"_blank\" rel=\"noreferrer noopener\"><img loading=\"lazy\" decoding=\"async\" width=\"30\" height=\"30\" class=\"wp-image-19002\" style=\"width: 30px;\" src=\"http:\/\/minatitlan.tecnm.mx\/wp-content\/uploads\/2022\/11\/Word-1.png\" alt=\"\"><\/a><\/td><\/tr><\/tbody><\/table><\/figure>\n\n\n\n<hr class=\"wp-block-separator has-alpha-channel-opacity is-style-wide\"\/>\n\n\n\n<figure class=\"wp-block-table\"><table><thead><tr><th><\/th><th class=\"has-text-align-center\" data-align=\"center\"><\/th><\/tr><\/thead><tbody><tr><td><a href=\"https:\/\/docs.google.com\/document\/d\/1ljZh-vJPjCciKB1YF8s33HhR_zIhzgeJ\/edit\">Procedimiento de Titulaci\u00f3n Auxiliar<\/a><\/td><td class=\"has-text-align-center\" data-align=\"center\"><a href=\"https:\/\/docs.google.com\/document\/d\/1ljZh-vJPjCciKB1YF8s33HhR_zIhzgeJ\/edit\" target=\"_blank\" rel=\"noreferrer noopener\"><img loading=\"lazy\" decoding=\"async\" width=\"30\" height=\"30\" class=\"wp-image-19002\" style=\"width: 30px;\" src=\"http:\/\/minatitlan.tecnm.mx\/wp-content\/uploads\/2022\/11\/Word-1.png\" alt=\"\"><\/a><\/td><\/tr><\/tbody><\/table><\/figure>\n<\/div><\/div>\n\n\n\n<div class=\"wp-block-advgb-tab advgb-tab-body-container\"><div class=\"advgb-tab-body-header advgb-tab-class-\">Constancias de exensi\u00f3n de Examen profesional<\/div><div class=\"advgb-tab-_d1e797-4e advgb-tab-body\" aria-labelledby=\"advgb-tabs-tab7\">\n<figure class=\"wp-block-table is-style-stripes\"><table><thead><tr><th><\/th><th class=\"has-text-align-right\" data-align=\"right\"><mark style=\"background-color:rgba(0, 0, 0, 0)\" class=\"has-inline-color has-custom-blanco-color\">Enlace<\/mark><\/th><\/tr><\/thead><tbody><tr><td><a href=\"https:\/\/docs.google.com\/spreadsheets\/d\/1n68vg1Oc3lXW3GBGV8WqCIoQ6IVdmrIErvVJ7dTZ_Ns\/edit#gid=1582976792\" target=\"_blank\" rel=\"noreferrer noopener\">Informaci\u00f3n de Actas de Examen Profesional<\/a><\/td><td class=\"has-text-align-right\" data-align=\"right\"><img loading=\"lazy\" decoding=\"async\" width=\"30\" height=\"30\" class=\"wp-image-19323\" style=\"width: 30px;\" src=\"http:\/\/minatitlan.tecnm.mx\/wp-content\/uploads\/2022\/11\/Url.png\" alt=\"\"><\/td><\/tr><\/tbody><\/table><\/figure>\n<\/div><\/div>\n<\/div><\/div>\n<style class=\"advgb-styles-renderer\">.advgb-tabs-de5aaef5-a53b-459a-b52e-a1e163575804 ul.advgb-tabs-panel li.advgb-tab.advgb-tab-active {background-color:#1b396a !important;color:#ffffff !important;}#advgb-tabs-de5aaef5-a53b-459a-b52e-a1e163575804 .advgb-tab-body-header.header-active, .advgb-tabs-de5aaef5-a53b-459a-b52e-a1e163575804 .advgb-tab-body-header.header-active{background-color:#1b396a !important;color:#ffffff !important;}<\/style>","protected":false},"excerpt":{"rendered":"","protected":false},"author":1,"featured_media":0,"parent":0,"menu_order":0,"comment_status":"closed","ping_status":"closed","template":"","meta":{"advgb_blocks_editor_width":"","advgb_blocks_columns_visual_guide":"","footnotes":""},"class_list":["post-3132","page","type-page","status-publish","hentry"],"coauthors":[],"author_meta":{"author_link":"https:\/\/minatitlan.tecnm.mx\/index.php\/author\/cc-itmina\/","display_name":"CC-ITMINA"},"relative_dates":{"created":"Publicado 4 a\u00f1os hace","modified":"Actualizado 1 a\u00f1o hace"},"absolute_dates":{"created":"Publicado el 28 septiembre, 2022","modified":"Actualizado el 15 enero, 2025"},"absolute_dates_time":{"created":"Publicado el 28 septiembre, 2022 10:12 pm","modified":"Actualizado el 15 enero, 2025 11:42 am"},"featured_img_caption":"","featured_img":false,"series_order":"","_links":{"self":[{"href":"https:\/\/minatitlan.tecnm.mx\/index.php\/wp-json\/wp\/v2\/pages\/3132","targetHints":{"allow":["GET"]}}],"collection":[{"href":"https:\/\/minatitlan.tecnm.mx\/index.php\/wp-json\/wp\/v2\/pages"}],"about":[{"href":"https:\/\/minatitlan.tecnm.mx\/index.php\/wp-json\/wp\/v2\/types\/page"}],"author":[{"embeddable":true,"href":"https:\/\/minatitlan.tecnm.mx\/index.php\/wp-json\/wp\/v2\/users\/1"}],"replies":[{"embeddable":true,"href":"https:\/\/minatitlan.tecnm.mx\/index.php\/wp-json\/wp\/v2\/comments?post=3132"}],"version-history":[{"count":100,"href":"https:\/\/minatitlan.tecnm.mx\/index.php\/wp-json\/wp\/v2\/pages\/3132\/revisions"}],"predecessor-version":[{"id":42605,"href":"https:\/\/minatitlan.tecnm.mx\/index.php\/wp-json\/wp\/v2\/pages\/3132\/revisions\/42605"}],"wp:attachment":[{"href":"https:\/\/minatitlan.tecnm.mx\/index.php\/wp-json\/wp\/v2\/media?parent=3132"}],"curies":[{"name":"wp","href":"https:\/\/api.w.org\/{rel}","templated":true}]}}