{"id":38631,"date":"2024-08-25T23:54:07","date_gmt":"2024-08-26T05:54:07","guid":{"rendered":"http:\/\/minatitlan.tecnm.mx\/?page_id=38631"},"modified":"2024-08-25T23:54:57","modified_gmt":"2024-08-26T05:54:57","slug":"vuelve-mas-tarde","status":"publish","type":"page","link":"https:\/\/minatitlan.tecnm.mx\/index.php\/vuelve-mas-tarde\/","title":{"rendered":"VU\u00c9LVE M\u00c1S TARDE"},"content":{"rendered":"\n<figure class=\"wp-block-image size-full\"><img loading=\"lazy\" decoding=\"async\" width=\"819\" height=\"460\" src=\"http:\/\/minatitlan.tecnm.mx\/wp-content\/uploads\/2023\/02\/mantenimiento.jpg\" alt=\"\" class=\"wp-image-27723\" srcset=\"https:\/\/minatitlan.tecnm.mx\/wp-content\/uploads\/2023\/02\/mantenimiento.jpg 819w, https:\/\/minatitlan.tecnm.mx\/wp-content\/uploads\/2023\/02\/mantenimiento-300x168.jpg 300w, https:\/\/minatitlan.tecnm.mx\/wp-content\/uploads\/2023\/02\/mantenimiento-768x431.jpg 768w\" sizes=\"auto, (max-width: 819px) 100vw, 819px\" \/><\/figure>\n","protected":false},"excerpt":{"rendered":"","protected":false},"author":2,"featured_media":0,"parent":0,"menu_order":0,"comment_status":"closed","ping_status":"closed","template":"","meta":{"advgb_blocks_editor_width":"","advgb_blocks_columns_visual_guide":"","footnotes":""},"class_list":["post-38631","page","type-page","status-publish","hentry"],"coauthors":[],"author_meta":{"author_link":"https:\/\/minatitlan.tecnm.mx\/index.php\/author\/comunicacion-y-difusion\/","display_name":"Comunicaci\u00f3n y Difusi\u00f3n"},"relative_dates":{"created":"Publicado 2 a\u00f1os hace","modified":"Actualizado 2 a\u00f1os hace"},"absolute_dates":{"created":"Publicado el 25 agosto, 2024","modified":"Actualizado el 25 agosto, 2024"},"absolute_dates_time":{"created":"Publicado el 25 agosto, 2024 11:54 pm","modified":"Actualizado el 25 agosto, 2024 11:54 pm"},"featured_img_caption":"","featured_img":false,"series_order":"","_links":{"self":[{"href":"https:\/\/minatitlan.tecnm.mx\/index.php\/wp-json\/wp\/v2\/pages\/38631","targetHints":{"allow":["GET"]}}],"collection":[{"href":"https:\/\/minatitlan.tecnm.mx\/index.php\/wp-json\/wp\/v2\/pages"}],"about":[{"href":"https:\/\/minatitlan.tecnm.mx\/index.php\/wp-json\/wp\/v2\/types\/page"}],"author":[{"embeddable":true,"href":"https:\/\/minatitlan.tecnm.mx\/index.php\/wp-json\/wp\/v2\/users\/2"}],"replies":[{"embeddable":true,"href":"https:\/\/minatitlan.tecnm.mx\/index.php\/wp-json\/wp\/v2\/comments?post=38631"}],"version-history":[{"count":2,"href":"https:\/\/minatitlan.tecnm.mx\/index.php\/wp-json\/wp\/v2\/pages\/38631\/revisions"}],"predecessor-version":[{"id":38633,"href":"https:\/\/minatitlan.tecnm.mx\/index.php\/wp-json\/wp\/v2\/pages\/38631\/revisions\/38633"}],"wp:attachment":[{"href":"https:\/\/minatitlan.tecnm.mx\/index.php\/wp-json\/wp\/v2\/media?parent=38631"}],"curies":[{"name":"wp","href":"https:\/\/api.w.org\/{rel}","templated":true}]}}