{"id":43644,"date":"2025-02-20T11:40:31","date_gmt":"2025-02-20T17:40:31","guid":{"rendered":"https:\/\/minatitlan.tecnm.mx\/?page_id=43644"},"modified":"2025-02-20T11:40:32","modified_gmt":"2025-02-20T17:40:32","slug":"ingenieria-en-desarrollo-de-aplicaciones","status":"publish","type":"page","link":"https:\/\/minatitlan.tecnm.mx\/index.php\/ingenieria-en-desarrollo-de-aplicaciones\/","title":{"rendered":"Ingenier\u00eda en Desarrollo de Aplicaciones"},"content":{"rendered":"\n<div class=\"wp-block-columns is-layout-flex wp-container-core-columns-is-layout-28f84493 wp-block-columns-is-layout-flex\">\n<div class=\"wp-block-column is-layout-flow wp-block-column-is-layout-flow\" style=\"flex-basis:66.66%\">\n<figure class=\"wp-block-image size-full\"><img loading=\"lazy\" decoding=\"async\" width=\"612\" height=\"408\" src=\"https:\/\/minatitlan.tecnm.mx\/wp-content\/uploads\/2025\/02\/desarrollo-aplicaciones-moviles.jpg\" alt=\"\" class=\"wp-image-43646\" srcset=\"https:\/\/minatitlan.tecnm.mx\/wp-content\/uploads\/2025\/02\/desarrollo-aplicaciones-moviles.jpg 612w, https:\/\/minatitlan.tecnm.mx\/wp-content\/uploads\/2025\/02\/desarrollo-aplicaciones-moviles-300x200.jpg 300w\" sizes=\"auto, (max-width: 612px) 100vw, 612px\" \/><\/figure>\n<\/div>\n\n\n\n<div class=\"wp-block-column is-layout-flow wp-block-column-is-layout-flow\" style=\"flex-basis:33.33%\">\n<figure class=\"wp-block-table is-style-stripes\" style=\"font-size:15px\"><table class=\"has-foreground-color has-text-color has-fixed-layout\"><tbody><tr><td class=\"has-text-align-center\" data-align=\"center\">TBD<\/td><\/tr><tr><td class=\"has-text-align-center\" data-align=\"center\"><strong>MODALIDAD<\/strong><\/td><\/tr><tr><td class=\"has-text-align-center\" data-align=\"center\">Escolarizado &#8211; Semestral<\/td><\/tr><tr><td class=\"has-text-align-center\" data-align=\"center\"><strong>DURACI\u00d3N<\/strong><\/td><\/tr><tr><td class=\"has-text-align-center\" data-align=\"center\">9 Semestres<\/td><\/tr><tr><td class=\"has-text-align-center\" data-align=\"center\"><strong>PLAN DE ESTUDIOS<\/strong><\/td><\/tr><tr><td class=\"has-text-align-center\" data-align=\"center\">Descargar plan de estudios<\/td><\/tr><tr><td class=\"has-text-align-center\" data-align=\"center\"><strong><strong>JEFE DE DEPARTAMENTO<\/strong><\/strong><\/td><\/tr><tr><td class=\"has-text-align-center\" data-align=\"center\">Pablo Francisco Vivas Torres<br>sistemas@minatitlan.tecnm.mx<\/td><\/tr><tr><td class=\"has-text-align-center\" data-align=\"center\"><strong>COORDINADOR<\/strong><\/td><\/tr><tr><td class=\"has-text-align-center\" data-align=\"center\">V\u00edctor Ignacio Velasco Huerta<br>dep_isc@minatitlan.tecnm.mx<\/td><\/tr><\/tbody><\/table><\/figure>\n<\/div>\n<\/div>\n\n\n\n<div class=\"wp-block-advgb-accordions advgb-accordions-4d6be047-1bd1-49d9-aad9-aa77dec95d71 advgb-accordion-wrapper\" data-collapsed=\"true\">\n<div class=\"wp-block-advgb-accordion-item advgb-accordion-item\" style=\"margin-bottom:0\"><div class=\"advgb-accordion-header\" style=\"background-color:#1b396a;color:#ffffff;border-style:solid;border-width:1px\"><span class=\"advgb-accordion-header-icon\"><svg fill=\"#ffffff\" xmlns=\"http:\/\/www.w3.org\/2000\/svg\" width=\"24\" height=\"24\" viewBox=\"0 0 24 24\"><path opacity=\"0.87\" fill=\"none\" d=\"M24,24H0L0,0l24,0V24z\"><\/path><path d=\"M16.59,8.59L12,13.17L7.41,8.59L6,10l6,6l6-6L16.59,8.59z\"><\/path><\/svg><\/span><h1 class=\"advgb-accordion-header-title\" style=\"color:inherit\">Objetivo General<\/h1><\/div><div class=\"advgb-accordion-body\" style=\"color:#000000;border-style:solid !important;border-width:1px !important;border-color:undefined !important;border-top:none !important\">\n<p style=\"text-align: justify;\" data-wahfont=\"16\"><span class=\"OYPEnA font-feature-liga-off font-feature-clig-off font-feature-calt-off text-decoration-none text-strikethrough-none\">Formar ingenieros competentes en el dise\u00f1o y desarrollo de aplicaciones web, m\u00f3vil y en la nube ofreciendo soluciones innovadoras y eficientes que respondan a las necesidades del mercado digital y permitan la mejora del desempe\u00f1o de las organizaciones con tecnolog\u00edas de vanguardia, en un entorno complejo y globalizado con compromiso \u00e9tico y sostenible.<\/span><\/p>\n<\/div><\/div>\n<\/div>\n\n\n\n<div class=\"wp-block-advgb-accordions advgb-accordions-548bc87b-35fa-4134-b639-b4e372dfec86 advgb-accordion-wrapper\" data-collapsed=\"true\">\n<div class=\"wp-block-advgb-accordion-item advgb-accordion-item\" style=\"margin-bottom:0\"><div class=\"advgb-accordion-header\" style=\"background-color:#1b396a;color:#ffffff;border-style:solid;border-width:1px\"><span class=\"advgb-accordion-header-icon\"><svg fill=\"#ffffff\" xmlns=\"http:\/\/www.w3.org\/2000\/svg\" width=\"24\" height=\"24\" viewBox=\"0 0 24 24\"><path opacity=\"0.87\" fill=\"none\" d=\"M24,24H0L0,0l24,0V24z\"><\/path><path d=\"M16.59,8.59L12,13.17L7.41,8.59L6,10l6,6l6-6L16.59,8.59z\"><\/path><\/svg><\/span><h1 class=\"advgb-accordion-header-title\" style=\"color:inherit\">Perfil de Ingreso<\/h1><\/div><div class=\"advgb-accordion-body\" style=\"color:#000000;border-style:solid !important;border-width:1px !important;border-color:undefined !important;border-top:none !important\">\n<ul>\n<li><span class=\"OYPEnA font-feature-liga-off font-feature-clig-off font-feature-calt-off text-decoration-none text-strikethrough-none\">Habilidades l\u00f3gico-matem\u00e1ticas.<\/span><\/li>\n<li><span class=\"OYPEnA font-feature-liga-off font-feature-clig-off font-feature-calt-off text-decoration-none text-strikethrough-none\">Habilidades de pensamiento cr\u00edtico, de an\u00e1lisis y s\u00edntesis.<\/span><\/li>\n<li><span class=\"OYPEnA font-feature-liga-off font-feature-clig-off font-feature-calt-off text-decoration-none text-strikethrough-none\">Habilidades de comunicaci\u00f3n oral y escrita.<\/span><\/li>\n<li><span class=\"OYPEnA font-feature-liga-off font-feature-clig-off font-feature-calt-off text-decoration-none text-strikethrough-none\">Habilidad de razonamiento cuantitativo.<\/span><\/li>\n<li><span class=\"OYPEnA font-feature-liga-off font-feature-clig-off font-feature-calt-off text-decoration-none text-strikethrough-none\">Habilidades de programaci\u00f3n b\u00e1sica.<\/span><\/li>\n<li><span class=\"OYPEnA font-feature-liga-off font-feature-clig-off font-feature-calt-off text-decoration-none text-strikethrough-none\">Habilidades de uso de herramientas tecnol\u00f3gicas.<\/span><\/li>\n<\/ul>\n<\/div><\/div>\n<\/div>\n\n\n\n<div class=\"wp-block-advgb-accordions advgb-accordions-15162121-dc54-4aee-bafa-a858bd7cfacc advgb-accordion-wrapper\" data-collapsed=\"true\">\n<div class=\"wp-block-advgb-accordion-item advgb-accordion-item\" style=\"margin-bottom:0\"><div class=\"advgb-accordion-header\" style=\"background-color:#1b396a;color:#ffffff;border-style:solid;border-width:1px\"><span class=\"advgb-accordion-header-icon\"><svg fill=\"#ffffff\" xmlns=\"http:\/\/www.w3.org\/2000\/svg\" width=\"24\" height=\"24\" viewBox=\"0 0 24 24\"><path opacity=\"0.87\" fill=\"none\" d=\"M24,24H0L0,0l24,0V24z\"><\/path><path d=\"M16.59,8.59L12,13.17L7.41,8.59L6,10l6,6l6-6L16.59,8.59z\"><\/path><\/svg><\/span><h1 class=\"advgb-accordion-header-title\" style=\"color:inherit\">Perfil de Egreso<\/h1><\/div><div class=\"advgb-accordion-body\" style=\"color:#000000;border-style:solid !important;border-width:1px !important;border-color:undefined !important;border-top:none !important\">\n<ul>\n<li style=\"text-align: justify;\"><span class=\"OYPEnA font-feature-liga-off font-feature-clig-off font-feature-calt-off text-decoration-none text-strikethrough-none\">Analiza, dise\u00f1a y desarrolla aplicaciones web, m\u00f3vil o de c\u00f3mputo en la nube para satisfacer los requerimientos de los usuarios.<\/span><\/li>\n<li style=\"text-align: justify;\"><span class=\"OYPEnA font-feature-liga-off font-feature-clig-off font-feature-calt-off text-decoration-none text-strikethrough-none\">Desarrolla bases de datos relacionales y no relacionales utilizando est\u00e1ndares internacionales para crear sistemas de informaci\u00f3n robustos, eficientes y sostenibles.<\/span><\/li>\n<li style=\"text-align: justify;\"><span class=\"OYPEnA font-feature-liga-off font-feature-clig-off font-feature-calt-off text-decoration-none text-strikethrough-none\">Desarrolla estrategias basadas en la mercadotecnia digital, que le permitan a los usuarios generar experiencias y contribuir con las organizaciones para posicionar sus productos y servicios en Internet con sentido \u00e9tico.<\/span><\/li>\n<li style=\"text-align: justify;\"><span class=\"OYPEnA font-feature-liga-off font-feature-clig-off font-feature-calt-off text-decoration-none text-strikethrough-none\">Formula, dise\u00f1a, ejecuta y eval\u00faa proyectos de desarrollo de aplicaciones orientados a la satisfacci\u00f3n de necesidades para potenciar los servicios de las organizaciones y la sociedad con responsabilidad \u00e9tica.<\/span><\/li>\n<li style=\"text-align: justify;\"><span class=\"OYPEnA font-feature-liga-off font-feature-clig-off font-feature-calt-off text-decoration-none text-strikethrough-none\">Desarrolla proyectos de inversi\u00f3n viables, empleando como una de las estrategias de soluci\u00f3n el uso de nuevas tecnolog\u00edas, para la satisfacci\u00f3n de necesidades de las organizaciones y la sociedad.<\/span><\/li>\n<\/ul>\n<\/div><\/div>\n<\/div>\n","protected":false},"excerpt":{"rendered":"<p>TBD MODALIDAD Escolarizado &#8211; Semestral DURACI\u00d3N 9 Semestres PLAN DE ESTUDIOS Descargar plan de estudios JEFE DE DEPARTAMENTO Pablo Francisco Vivas Torressistemas@minatitlan.tecnm.mx COORDINADOR V\u00edctor Ignacio Velasco Huertadep_isc@minatitlan.tecnm.mx<\/p>\n","protected":false},"author":2,"featured_media":0,"parent":0,"menu_order":0,"comment_status":"closed","ping_status":"closed","template":"","meta":{"advgb_blocks_editor_width":"","advgb_blocks_columns_visual_guide":"","footnotes":""},"class_list":["post-43644","page","type-page","status-publish","hentry"],"coauthors":[],"author_meta":{"author_link":"https:\/\/minatitlan.tecnm.mx\/index.php\/author\/comunicacion-y-difusion\/","display_name":"Comunicaci\u00f3n y Difusi\u00f3n"},"relative_dates":{"created":"Publicado 1 a\u00f1o hace","modified":"Actualizado 1 a\u00f1o hace"},"absolute_dates":{"created":"Publicado el 20 febrero, 2025","modified":"Actualizado el 20 febrero, 2025"},"absolute_dates_time":{"created":"Publicado el 20 febrero, 2025 11:40 am","modified":"Actualizado el 20 febrero, 2025 11:40 am"},"featured_img_caption":"","featured_img":false,"series_order":"","_links":{"self":[{"href":"https:\/\/minatitlan.tecnm.mx\/index.php\/wp-json\/wp\/v2\/pages\/43644","targetHints":{"allow":["GET"]}}],"collection":[{"href":"https:\/\/minatitlan.tecnm.mx\/index.php\/wp-json\/wp\/v2\/pages"}],"about":[{"href":"https:\/\/minatitlan.tecnm.mx\/index.php\/wp-json\/wp\/v2\/types\/page"}],"author":[{"embeddable":true,"href":"https:\/\/minatitlan.tecnm.mx\/index.php\/wp-json\/wp\/v2\/users\/2"}],"replies":[{"embeddable":true,"href":"https:\/\/minatitlan.tecnm.mx\/index.php\/wp-json\/wp\/v2\/comments?post=43644"}],"version-history":[{"count":2,"href":"https:\/\/minatitlan.tecnm.mx\/index.php\/wp-json\/wp\/v2\/pages\/43644\/revisions"}],"predecessor-version":[{"id":43648,"href":"https:\/\/minatitlan.tecnm.mx\/index.php\/wp-json\/wp\/v2\/pages\/43644\/revisions\/43648"}],"wp:attachment":[{"href":"https:\/\/minatitlan.tecnm.mx\/index.php\/wp-json\/wp\/v2\/media?parent=43644"}],"curies":[{"name":"wp","href":"https:\/\/api.w.org\/{rel}","templated":true}]}}

Ingeniería en Desarrollo de Aplicaciones

<div class="wp-block-columns is-layout-flex wp-container-core-columns-is-layout-28f84493 wp-block-columns-is-layout-flex">
<div class="wp-block-column is-layout-flow wp-block-column-is-layout-flow" style="flex-basis:66.66%">
<figure class="wp-block-image size-full"><img loading="lazy" decoding="async" width="612" height="408" src="https://minatitlan.tecnm.mx/wp-content/uploads/2025/02/desarrollo-aplicaciones-moviles.jpg" alt="" class="wp-image-43646" srcset="https://minatitlan.tecnm.mx/wp-content/uploads/2025/02/desarrollo-aplicaciones-moviles.jpg 612w, https://minatitlan.tecnm.mx/wp-content/uploads/2025/02/desarrollo-aplicaciones-moviles-300x200.jpg 300w" sizes="auto, (max-width: 612px) 100vw, 612px" /></figure>
</div>



<div class="wp-block-column is-layout-flow wp-block-column-is-layout-flow" style="flex-basis:33.33%">
<figure class="wp-block-table is-style-stripes" style="font-size:15px"><table class="has-foreground-color has-text-color has-fixed-layout"><tbody><tr><td class="has-text-align-center" data-align="center">TBD</td></tr><tr><td class="has-text-align-center" data-align="center"><strong>MODALIDAD</strong></td></tr><tr><td class="has-text-align-center" data-align="center">Escolarizado &#8211; Semestral</td></tr><tr><td class="has-text-align-center" data-align="center"><strong>DURACIÓN</strong></td></tr><tr><td class="has-text-align-center" data-align="center">9 Semestres</td></tr><tr><td class="has-text-align-center" data-align="center"><strong>PLAN DE ESTUDIOS</strong></td></tr><tr><td class="has-text-align-center" data-align="center">Descargar plan de estudios</td></tr><tr><td class="has-text-align-center" data-align="center"><strong><strong>JEFE DE DEPARTAMENTO</strong></strong></td></tr><tr><td class="has-text-align-center" data-align="center">Pablo Francisco Vivas Torres<br>sistemas@minatitlan.tecnm.mx</td></tr><tr><td class="has-text-align-center" data-align="center"><strong>COORDINADOR</strong></td></tr><tr><td class="has-text-align-center" data-align="center">Víctor Ignacio Velasco Huerta<br>dep_isc@minatitlan.tecnm.mx</td></tr></tbody></table></figure>
</div>
</div>



<div class="wp-block-advgb-accordions advgb-accordions-4d6be047-1bd1-49d9-aad9-aa77dec95d71 advgb-accordion-wrapper" data-collapsed="true">
<div class="wp-block-advgb-accordion-item advgb-accordion-item" style="margin-bottom:0"><div class="advgb-accordion-header" style="background-color:#1b396a;color:#ffffff;border-style:solid;border-width:1px"><span class="advgb-accordion-header-icon"><svg fill="#ffffff" xmlns="http://www.w3.org/2000/svg" width="24" height="24" viewBox="0 0 24 24"><path opacity="0.87" fill="none" d="M24,24H0L0,0l24,0V24z"></path><path d="M16.59,8.59L12,13.17L7.41,8.59L6,10l6,6l6-6L16.59,8.59z"></path></svg></span><h1 class="advgb-accordion-header-title" style="color:inherit">Objetivo General</h1></div><div class="advgb-accordion-body" style="color:#000000;border-style:solid !important;border-width:1px !important;border-color:undefined !important;border-top:none !important">
<p style="text-align: justify;" data-wahfont="16"><span class="OYPEnA font-feature-liga-off font-feature-clig-off font-feature-calt-off text-decoration-none text-strikethrough-none">Formar ingenieros competentes en el diseño y desarrollo de aplicaciones web, móvil y en la nube ofreciendo soluciones innovadoras y eficientes que respondan a las necesidades del mercado digital y permitan la mejora del desempeño de las organizaciones con tecnologías de vanguardia, en un entorno complejo y globalizado con compromiso ético y sostenible.</span></p>
</div></div>
</div>



<div class="wp-block-advgb-accordions advgb-accordions-548bc87b-35fa-4134-b639-b4e372dfec86 advgb-accordion-wrapper" data-collapsed="true">
<div class="wp-block-advgb-accordion-item advgb-accordion-item" style="margin-bottom:0"><div class="advgb-accordion-header" style="background-color:#1b396a;color:#ffffff;border-style:solid;border-width:1px"><span class="advgb-accordion-header-icon"><svg fill="#ffffff" xmlns="http://www.w3.org/2000/svg" width="24" height="24" viewBox="0 0 24 24"><path opacity="0.87" fill="none" d="M24,24H0L0,0l24,0V24z"></path><path d="M16.59,8.59L12,13.17L7.41,8.59L6,10l6,6l6-6L16.59,8.59z"></path></svg></span><h1 class="advgb-accordion-header-title" style="color:inherit">Perfil de Ingreso</h1></div><div class="advgb-accordion-body" style="color:#000000;border-style:solid !important;border-width:1px !important;border-color:undefined !important;border-top:none !important">
<ul>
<li><span class="OYPEnA font-feature-liga-off font-feature-clig-off font-feature-calt-off text-decoration-none text-strikethrough-none">Habilidades lógico-matemáticas.</span></li>
<li><span class="OYPEnA font-feature-liga-off font-feature-clig-off font-feature-calt-off text-decoration-none text-strikethrough-none">Habilidades de pensamiento crítico, de análisis y síntesis.</span></li>
<li><span class="OYPEnA font-feature-liga-off font-feature-clig-off font-feature-calt-off text-decoration-none text-strikethrough-none">Habilidades de comunicación oral y escrita.</span></li>
<li><span class="OYPEnA font-feature-liga-off font-feature-clig-off font-feature-calt-off text-decoration-none text-strikethrough-none">Habilidad de razonamiento cuantitativo.</span></li>
<li><span class="OYPEnA font-feature-liga-off font-feature-clig-off font-feature-calt-off text-decoration-none text-strikethrough-none">Habilidades de programación básica.</span></li>
<li><span class="OYPEnA font-feature-liga-off font-feature-clig-off font-feature-calt-off text-decoration-none text-strikethrough-none">Habilidades de uso de herramientas tecnológicas.</span></li>
</ul>
</div></div>
</div>



<div class="wp-block-advgb-accordions advgb-accordions-15162121-dc54-4aee-bafa-a858bd7cfacc advgb-accordion-wrapper" data-collapsed="true">
<div class="wp-block-advgb-accordion-item advgb-accordion-item" style="margin-bottom:0"><div class="advgb-accordion-header" style="background-color:#1b396a;color:#ffffff;border-style:solid;border-width:1px"><span class="advgb-accordion-header-icon"><svg fill="#ffffff" xmlns="http://www.w3.org/2000/svg" width="24" height="24" viewBox="0 0 24 24"><path opacity="0.87" fill="none" d="M24,24H0L0,0l24,0V24z"></path><path d="M16.59,8.59L12,13.17L7.41,8.59L6,10l6,6l6-6L16.59,8.59z"></path></svg></span><h1 class="advgb-accordion-header-title" style="color:inherit">Perfil de Egreso</h1></div><div class="advgb-accordion-body" style="color:#000000;border-style:solid !important;border-width:1px !important;border-color:undefined !important;border-top:none !important">
<ul>
<li style="text-align: justify;"><span class="OYPEnA font-feature-liga-off font-feature-clig-off font-feature-calt-off text-decoration-none text-strikethrough-none">Analiza, diseña y desarrolla aplicaciones web, móvil o de cómputo en la nube para satisfacer los requerimientos de los usuarios.</span></li>
<li style="text-align: justify;"><span class="OYPEnA font-feature-liga-off font-feature-clig-off font-feature-calt-off text-decoration-none text-strikethrough-none">Desarrolla bases de datos relacionales y no relacionales utilizando estándares internacionales para crear sistemas de información robustos, eficientes y sostenibles.</span></li>
<li style="text-align: justify;"><span class="OYPEnA font-feature-liga-off font-feature-clig-off font-feature-calt-off text-decoration-none text-strikethrough-none">Desarrolla estrategias basadas en la mercadotecnia digital, que le permitan a los usuarios generar experiencias y contribuir con las organizaciones para posicionar sus productos y servicios en Internet con sentido ético.</span></li>
<li style="text-align: justify;"><span class="OYPEnA font-feature-liga-off font-feature-clig-off font-feature-calt-off text-decoration-none text-strikethrough-none">Formula, diseña, ejecuta y evalúa proyectos de desarrollo de aplicaciones orientados a la satisfacción de necesidades para potenciar los servicios de las organizaciones y la sociedad con responsabilidad ética.</span></li>
<li style="text-align: justify;"><span class="OYPEnA font-feature-liga-off font-feature-clig-off font-feature-calt-off text-decoration-none text-strikethrough-none">Desarrolla proyectos de inversión viables, empleando como una de las estrategias de solución el uso de nuevas tecnologías, para la satisfacción de necesidades de las organizaciones y la sociedad.</span></li>
</ul>
</div></div>
</div>

<p>TBD MODALIDAD Escolarizado &#8211; Semestral DURACIÓN 9 Semestres PLAN DE ESTUDIOS Descargar plan de estudios JEFE DE DEPARTAMENTO Pablo Francisco Vivas Torressistemas@minatitlan.tecnm.mx COORDINADOR Víctor Ignacio Velasco Huertadep_isc@minatitlan.tecnm.mx</p>

Comunicación y Difusión

Publicado 1 año hace

Actualizado 1 año hace
