{"id":852,"date":"2022-09-08T22:43:25","date_gmt":"2022-09-08T22:43:25","guid":{"rendered":"http:\/\/localhost\/?page_id=852"},"modified":"2026-02-09T10:30:03","modified_gmt":"2026-02-09T16:30:03","slug":"directorio","status":"publish","type":"page","link":"https:\/\/minatitlan.tecnm.mx\/index.php\/directorio\/","title":{"rendered":"Directorio"},"content":{"rendered":"<p style=\"text-align: justify;\"><strong>Instituto Tecnol\u00f3gico de Minatitl\u00e1n<\/strong><br \/>Boulevard Institutos Tecnol\u00f3gicos No. 509 Colonia Buena Vista Norte C.P. 96848 Minatitl\u00e1n, Veracruz, M\u00e9xico.<\/p>\n<p style=\"text-align: justify;\"><strong>Tel\u00e9fonos<\/strong><\/p>\n<p style=\"text-align: justify;\">922 202 73 35<br \/>922 202 73 34<br \/>922 202 73 33<\/p>\n\n\n<figure class=\"wp-block-table alignwide ticss-6f5ff050 is-style-stripes has-small-font-size\"><table class=\"has-foreground-color has-text-color has-fixed-layout\"><thead><tr><th class=\"has-text-align-left\" data-align=\"left\">Nombre<\/th><th class=\"has-text-align-left\" data-align=\"left\">Correo Institucional<\/th><th class=\"has-text-align-center\" data-align=\"center\">Extensi\u00f3n<\/th><\/tr><\/thead><tbody><tr><td class=\"has-text-align-left\" data-align=\"left\"><strong>Sergio Fernando Garibay Armenta<br><\/strong>Director<\/td><td class=\"has-text-align-left\" data-align=\"left\">dir_minatitlan@minatitlan.tecnm.mx<\/td><td class=\"has-text-align-center\" data-align=\"center\"><\/td><\/tr><tr><td class=\"has-text-align-left\" data-align=\"left\"><strong>Edrey Alor Luna<\/strong><br>Secretaria de Direcci\u00f3n<\/td><td class=\"has-text-align-left\" data-align=\"left\"><\/td><td class=\"has-text-align-center\" data-align=\"center\">100<\/td><\/tr><tr><td class=\"has-text-align-left\" data-align=\"left\"><strong>Eduardo Enoch Galindo S\u00e1nchez<\/strong><br>Subdirecci\u00f3n de Servicios Administrativos<\/td><td class=\"has-text-align-left\" data-align=\"left\">subadministrativa@minatitlan.tecnm.mx<br>admon_minatitlan@tecnm.mx<\/td><td class=\"has-text-align-center\" data-align=\"center\">201<\/td><\/tr><tr><td class=\"has-text-align-left\" data-align=\"left\"><\/td><td class=\"has-text-align-left\" data-align=\"left\"><\/td><td class=\"has-text-align-center\" data-align=\"center\">200<\/td><\/tr><tr><td class=\"has-text-align-left\" data-align=\"left\"><strong>Zeiny Isabel Cruz Charis<\/strong><br>Jefatura de Recursos Humanos<\/td><td class=\"has-text-align-left\" data-align=\"left\">recursoshumanos@minatitlan.tecnm.mx<br>rh_minatitlan@tecnm.mx<\/td><td class=\"has-text-align-center\" data-align=\"center\">203<\/td><\/tr><tr><td class=\"has-text-align-left\" data-align=\"left\"><strong>Gloria Elisa Cornejo Mijangos<\/strong><br>Secretaria de Recursos Humanos<\/td><td class=\"has-text-align-left\" data-align=\"left\">rh_secretaria@minatitlan.tecnm.mx<\/td><td class=\"has-text-align-center\" data-align=\"center\">202<\/td><\/tr><tr><td class=\"has-text-align-left\" data-align=\"left\"><strong>Hugo Hern\u00e1ndez Sevilla<\/strong><br>Jefatura de Recursos Financieros<\/td><td class=\"has-text-align-left\" data-align=\"left\">rfinancieros@minatitlan.tecnm.mx<br>rf_minatitlan@tecnm.mx<\/td><td class=\"has-text-align-center\" data-align=\"center\">205<\/td><\/tr><tr><td class=\"has-text-align-left\" data-align=\"left\"><br>Secretario de Recursos Financieros<\/td><td class=\"has-text-align-left\" data-align=\"left\">rf_secretario@minatitlan.tecnm.mx<\/td><td class=\"has-text-align-center\" data-align=\"center\">204<\/td><\/tr><tr><td class=\"has-text-align-left\" data-align=\"left\"><strong>Luis \u00c1ngel Chong Villaseca<\/strong><br>Jefatura de Recursos Materiales y Servicios<\/td><td class=\"has-text-align-left\" data-align=\"left\">recursosmateriales@minatitlan.tecnm.mx<br>rm_minatitlan@tecnm.mx<\/td><td class=\"has-text-align-center\" data-align=\"center\">207<\/td><\/tr><tr><td class=\"has-text-align-left\" data-align=\"left\"><strong>Mar\u00eda del Rosario Nava Balcazar<\/strong><br>Secretaria de Recursos Materiales y Servicios<\/td><td class=\"has-text-align-left\" data-align=\"left\">rm_secretaria@minatitlan.tecnm.mx<\/td><td class=\"has-text-align-center\" data-align=\"center\">206<\/td><\/tr><tr><td class=\"has-text-align-left\" data-align=\"left\"><strong>Jos\u00e9 Sevilla Morf\u00edn<\/strong><br>Jefatura de Centro de C\u00f3mputo<\/td><td class=\"has-text-align-left\" data-align=\"left\">ccomputo@minatitlan.tecnm.mx<br>cc_minatitlan@tecnm.mx<\/td><td class=\"has-text-align-center\" data-align=\"center\">209<\/td><\/tr><tr><td class=\"has-text-align-left\" data-align=\"left\"><strong>Claudia Marlene Arte\u00e1ga Ruiz<\/strong><br>Secretaria de Centro de C\u00f3mputo<\/td><td class=\"has-text-align-left\" data-align=\"left\">cc_secretaria@minatitlan.tecnm.mx<\/td><td class=\"has-text-align-center\" data-align=\"center\"><\/td><\/tr><tr><td class=\"has-text-align-left\" data-align=\"left\">Coordinaci\u00f3n de Servicios de Computo<\/td><td class=\"has-text-align-left\" data-align=\"left\">cc_serviciosdecomputo@minatitlan.tecnm.mx<\/td><td class=\"has-text-align-center\" data-align=\"center\">210<\/td><\/tr><tr><td class=\"has-text-align-left\" data-align=\"left\"><strong>Haid\u00e9 Birguity Dom\u00ednguez Hern\u00e1ndez<\/strong><br>Jefatura de Mantenimiento y Equipo<\/td><td class=\"has-text-align-left\" data-align=\"left\">mantenimiento@minatitlan.tecnm.mx<\/td><td class=\"has-text-align-center\" data-align=\"center\">212<\/td><\/tr><tr><td class=\"has-text-align-left\" data-align=\"left\"><strong>Sof\u00eda Luis Toledo<\/strong><br>Secretaria de Mantenimiento y Equipo<\/td><td class=\"has-text-align-left\" data-align=\"left\">me_secretaria@minatitlan.tecnm.mx<\/td><td class=\"has-text-align-center\" data-align=\"center\"><\/td><\/tr><tr><td class=\"has-text-align-left\" data-align=\"left\"><strong>Rafael D\u00edaz Rojas<\/strong><br>Jefatura de Subdirecci\u00f3n de Planeaci\u00f3n y Vinculaci\u00f3n<\/td><td class=\"has-text-align-left\" data-align=\"left\">subplaneacion@minatitlan.tecnm.mx<br>plan_minatitlan@tecnm.mx<\/td><td class=\"has-text-align-center\" data-align=\"center\">301<\/td><\/tr><tr><td class=\"has-text-align-left\" data-align=\"left\"><strong>Mar\u00eda del Pilar Mart\u00ednez Bartolo<\/strong><br>Secretaria de Subdirecci\u00f3n de Planeaci\u00f3n y Vinculaci\u00f3n<\/td><td class=\"has-text-align-left\" data-align=\"left\"><\/td><td class=\"has-text-align-center\" data-align=\"center\">300<\/td><\/tr><tr><td class=\"has-text-align-left\" data-align=\"left\"><strong>Kevin David Molina G\u00f3mez<\/strong><br>Jefatura de Planeaci\u00f3n, Programaci\u00f3n y Presupuestaci\u00f3n<\/td><td class=\"has-text-align-left\" data-align=\"left\">dplaneacion@minatitlan.tecnm.mx<br>pl_minatitlan@tecnm.mx<\/td><td class=\"has-text-align-center\" data-align=\"center\">303<\/td><\/tr><tr><td class=\"has-text-align-left\" data-align=\"left\"><strong>Cielo Itzel Patraca Hern\u00e1ndez<\/strong><br>Secretaria de Planeaci\u00f3n, Programaci\u00f3n y Presupuestaci\u00f3n<\/td><td class=\"has-text-align-left\" data-align=\"left\"><\/td><td class=\"has-text-align-center\" data-align=\"center\">302<\/td><\/tr><tr><td class=\"has-text-align-left\" data-align=\"left\"><strong>Laura Gabriela Quintero Cabrera<\/strong><br>Jefatura de Gesti\u00f3n Tecnol\u00f3gica y Vinculaci\u00f3n<\/td><td class=\"has-text-align-left\" data-align=\"left\">gestiontecnologica@minatitlan.tecnm.mx<br>vin_minatitlan@tecnm.mx<\/td><td class=\"has-text-align-center\" data-align=\"center\">305<\/td><\/tr><tr><td class=\"has-text-align-left\" data-align=\"left\"><strong>Marcela Rodr\u00edguez Valencia<\/strong><br>Secretaria de Gesti\u00f3n Tecnol\u00f3gica y Vinculaci\u00f3n<\/td><td class=\"has-text-align-left\" data-align=\"left\">gtyv_secretaria@minatitlan.tecnm.mx<\/td><td class=\"has-text-align-center\" data-align=\"center\">304<\/td><\/tr><tr><td class=\"has-text-align-left\" data-align=\"left\"><strong>Carlos Antonio Garc\u00eda Blanco<\/strong><br>Jefatura de Comunicaci\u00f3n y Difusi\u00f3n<\/td><td class=\"has-text-align-left\" data-align=\"left\">comunicacion@minatitlan.tecnm.mx<\/td><td class=\"has-text-align-center\" data-align=\"center\">307<\/td><\/tr><tr><td class=\"has-text-align-left\" data-align=\"left\"><br>Secretaria de Comunicaci\u00f3n y Difusi\u00f3n<\/td><td class=\"has-text-align-left\" data-align=\"left\">cyd_secretaria@minatitlan.tecnm.mx<\/td><td class=\"has-text-align-center\" data-align=\"center\"><\/td><\/tr><tr><td class=\"has-text-align-left\" data-align=\"left\"><strong>Cinthya G\u00f3mez Reyes<\/strong><br>Jefatura de Actividades Extraescolares<\/td><td class=\"has-text-align-left\" data-align=\"left\">extraescolares@minatitlan.tecnm.mx<br>ext_minatitlan@tecnm.mx<\/td><td class=\"has-text-align-center\" data-align=\"center\">501<\/td><\/tr><tr><td class=\"has-text-align-left\" data-align=\"left\"><strong>Rosa Irene Jim\u00e9nez \u00c1lvarez<\/strong><br>Actividades Extraescolares<\/td><td class=\"has-text-align-left\" data-align=\"left\"><\/td><td class=\"has-text-align-center\" data-align=\"center\"><\/td><\/tr><tr><td class=\"has-text-align-left\" data-align=\"left\"><strong>Ana Mar\u00eda Narv\u00e1ez Hern\u00e1ndez<\/strong><br>Jefatura de Servicios Escolares<\/td><td class=\"has-text-align-left\" data-align=\"left\">serviciosescolares@minatitlan.tecnm.mx<br>se_minatitlan@tecnm.mx<\/td><td class=\"has-text-align-center\" data-align=\"center\">311<\/td><\/tr><tr><td class=\"has-text-align-left\" data-align=\"left\"><strong>Elba Reyes Gonz\u00e1lez <\/strong><br>Secretaria de Servicios Escolares<\/td><td class=\"has-text-align-left\" data-align=\"left\"><\/td><td class=\"has-text-align-center\" data-align=\"center\">310<\/td><\/tr><tr><td class=\"has-text-align-left\" data-align=\"left\"><strong>Emmanuel Tom Medinilla<\/strong><br>Jefatura de Centro de Informaci\u00f3n<\/td><td class=\"has-text-align-left\" data-align=\"left\"><\/td><td class=\"has-text-align-center\" data-align=\"center\">313<\/td><\/tr><tr><td class=\"has-text-align-left\" data-align=\"left\">Secretaria de Centro de Informaci\u00f3n<\/td><td class=\"has-text-align-left\" data-align=\"left\">ci_minatitlan@tecnm.mx<\/td><td class=\"has-text-align-center\" data-align=\"center\"><\/td><\/tr><tr><td class=\"has-text-align-left\" data-align=\"left\"><strong>Gilberto Rodr\u00edguez Montufar<\/strong><br>Subdirecci\u00f3n Acad\u00e9mica<\/td><td class=\"has-text-align-left\" data-align=\"left\">subacademica@minatitlan.tecnm.mx<br>acad_minatitlan@tecnm.mx<\/td><td class=\"has-text-align-center\" data-align=\"center\">401<\/td><\/tr><tr><td class=\"has-text-align-left\" data-align=\"left\"><strong>Roselia Hern\u00e1ndez Vel\u00e1zquez<\/strong><br>Secretaria de Subdirecci\u00f3n Acad\u00e9mica<\/td><td class=\"has-text-align-left\" data-align=\"left\"><\/td><td class=\"has-text-align-center\" data-align=\"center\">400<\/td><\/tr><tr><td class=\"has-text-align-left\" data-align=\"left\"><strong>Marlenne Guti\u00e9rrez Pola<\/strong><br>Jefatura de Ciencias B\u00e1sicas<\/td><td class=\"has-text-align-left\" data-align=\"left\">cienciasbasicas@minatitlan.tecnm.mx<br>cbas_minatitlan@tecnm.mx<\/td><td class=\"has-text-align-center\" data-align=\"center\">403<\/td><\/tr><tr><td class=\"has-text-align-left\" data-align=\"left\"><strong>Laura Gabriela Mart\u00ednez Montiel<\/strong><br>Secretaria de Ciencias B\u00e1sicas<\/td><td class=\"has-text-align-left\" data-align=\"left\"><\/td><td class=\"has-text-align-center\" data-align=\"center\"><\/td><\/tr><tr><td class=\"has-text-align-left\" data-align=\"left\"><strong>Mauricio Garc\u00eda \u00c1valos<\/strong><br>Jefatura de Ingenier\u00eda en Sistemas y Computaci\u00f3n<\/td><td class=\"has-text-align-left\" data-align=\"left\">sistemas@minatitlan.tecnm.mx<\/td><td class=\"has-text-align-center\" data-align=\"center\">405<\/td><\/tr><tr><td class=\"has-text-align-left\" data-align=\"left\"><strong>Gen\u00e1ro Fern\u00e1ndez Olivares<\/strong><br>Jefatura de Metal Mec\u00e1nica<\/td><td class=\"has-text-align-left\" data-align=\"left\">metalmecanica@minatitlan.tecnm.mx<\/td><td class=\"has-text-align-center\" data-align=\"center\">408<\/td><\/tr><tr><td class=\"has-text-align-left\" data-align=\"left\"><strong>Teresa Vel\u00e1squez V\u00e1squez<\/strong><br>Secretaria de Metal Mec\u00e1nica<\/td><td class=\"has-text-align-left\" data-align=\"left\"><\/td><td class=\"has-text-align-center\" data-align=\"center\">407<\/td><\/tr><tr><td class=\"has-text-align-left\" data-align=\"left\"><strong>Arturo Bulbarela Croda<\/strong><br>Jefatura de Ingenier\u00eda Qu\u00edmica y Bioqu\u00edmica<\/td><td class=\"has-text-align-left\" data-align=\"left\">quimica_ambiental@minatitlan.tecnm.mx<\/td><td class=\"has-text-align-center\" data-align=\"center\">410<\/td><\/tr><tr><td class=\"has-text-align-left\" data-align=\"left\"><strong>Yesenia Valencia Patricia<\/strong><br>Secretaria de Ingenier\u00eda Qu\u00edmica y Bioqu\u00edmica<\/td><td class=\"has-text-align-left\" data-align=\"left\"><\/td><td class=\"has-text-align-center\" data-align=\"center\">409<\/td><\/tr><tr><td class=\"has-text-align-left\" data-align=\"left\"><strong>Carolina Orihuela Vazquez<\/strong><br>Jefatura de Ingenier\u00eda Industrial<\/td><td class=\"has-text-align-left\" data-align=\"left\">industrial@minatitlan.tecnm.mx<\/td><td class=\"has-text-align-center\" data-align=\"center\">412<\/td><\/tr><tr><td class=\"has-text-align-left\" data-align=\"left\"><strong>Yahaira Beatriz Mar\u00edn Reyes <\/strong><br>Secretario de Ingenier\u00eda Industrial<\/td><td class=\"has-text-align-left\" data-align=\"left\"><\/td><td class=\"has-text-align-center\" data-align=\"center\"><\/td><\/tr><tr><td class=\"has-text-align-left\" data-align=\"left\"><strong>Jafet Montenegro Hip\u00f3lito<\/strong><br>Jefatura de Ingenier\u00eda El\u00e9ctrica y Electr\u00f3nica<\/td><td class=\"has-text-align-left\" data-align=\"left\">electronica@minatitlan.tecnm.mx<\/td><td class=\"has-text-align-center\" data-align=\"center\">414<\/td><\/tr><tr><td class=\"has-text-align-left\" data-align=\"left\"><strong>Ivette Ibarg\u00fcen Almog\u00e1bar<\/strong><br>Secretaria de Ingenier\u00eda El\u00e9ctrica y Electr\u00f3nica<\/td><td class=\"has-text-align-left\" data-align=\"left\"><\/td><td class=\"has-text-align-center\" data-align=\"center\"><\/td><\/tr><tr><td class=\"has-text-align-left\" data-align=\"left\"><strong>Ver\u00f3nica Mart\u00ednez Donado<\/strong><br>Jefatura de Ciencias Econ\u00f3mico Administrativas<\/td><td class=\"has-text-align-left\" data-align=\"left\">ceadministrativas@minatitlan.tecnm.mx<br>cead_minatitlan@tecnm.mx<\/td><td class=\"has-text-align-center\" data-align=\"center\">416<\/td><\/tr><tr><td class=\"has-text-align-left\" data-align=\"left\"><strong>Andrea Mart\u00ednez Santiago<\/strong><br>Secretaria de Ciencias Econ\u00f3mico Administrativas<\/td><td class=\"has-text-align-left\" data-align=\"left\"><\/td><td class=\"has-text-align-center\" data-align=\"center\"><\/td><\/tr><tr><td class=\"has-text-align-left\" data-align=\"left\"><strong>Mayan\u00edn Ordo\u00f1ez Tapia<\/strong><br>Jefatura de Desarrollo Acad\u00e9mico<\/td><td class=\"has-text-align-left\" data-align=\"left\">desarrolloacademico@minatitlan.tecnm.mx<br>dda_minatitlan@tecnm.mx<\/td><td class=\"has-text-align-center\" data-align=\"center\">418<\/td><\/tr><tr><td class=\"has-text-align-left\" data-align=\"left\"><strong>Leodith Hern\u00e1ndez Dom\u00ednguez<\/strong><br>Secretaria de Desarrollo Acad\u00e9mico<\/td><td class=\"has-text-align-left\" data-align=\"left\"><\/td><td class=\"has-text-align-center\" data-align=\"center\">417<\/td><\/tr><tr><td class=\"has-text-align-left\" data-align=\"left\"><strong>Sandra Luz Cruz Rom\u00e1n<\/strong><br>Jefatura de Divisi\u00f3n de Estudios Profesionales<\/td><td class=\"has-text-align-left\" data-align=\"left\">dprofesionales@minatitlan.tecnm.mx<br>dep_minatitlan@tecnm.mx<\/td><td class=\"has-text-align-center\" data-align=\"center\">420<\/td><\/tr><tr><td class=\"has-text-align-left\" data-align=\"left\"><strong>Olga Lilia Montero Niv\u00f3n<\/strong><br>Secretaria de Divisi\u00f3n de Estudios Profesionales<\/td><td class=\"has-text-align-left\" data-align=\"left\">dep_secretaria1@minatitlan.tecnm.mx<\/td><td class=\"has-text-align-center\" data-align=\"center\">419<\/td><\/tr><tr><td class=\"has-text-align-left\" data-align=\"left\"><strong>Rafael Jim\u00e9nez Flores<\/strong><br>Jefatura de Divisi\u00f3n de Estudios de Posgrado e Investigaci\u00f3n<\/td><td class=\"has-text-align-left\" data-align=\"left\">posgrado@minatitlan.tecnm.mx<br>depi_minatitlan@tecnm.mx<\/td><td class=\"has-text-align-center\" data-align=\"center\">422<\/td><\/tr><tr><td class=\"has-text-align-left\" data-align=\"left\"><strong>Marisol Rojas Luna<\/strong><br>Secretaria de Divisi\u00f3n de Estudios de Posgrado e Investigaci\u00f3n<\/td><td class=\"has-text-align-left\" data-align=\"left\"><\/td><td class=\"has-text-align-center\" data-align=\"center\"><\/td><\/tr><tr><td class=\"has-text-align-left\" data-align=\"left\"><strong>Rosa Adame N\u00fa\u00f1ez<\/strong><br>Titulaci\u00f3n<\/td><td class=\"has-text-align-left\" data-align=\"left\">dep_titulacion@minatitlan.tecnm.mx<\/td><td class=\"has-text-align-center\" data-align=\"center\">423<\/td><\/tr><tr><td class=\"has-text-align-left\" data-align=\"left\"><strong>Luz Elena Villanueva Castellanos<\/strong><br>Coordinaci\u00f3n de Educaci\u00f3n a Distancia<\/td><td class=\"has-text-align-left\" data-align=\"left\">ead@minatitlan.tecnm.mx<\/td><td class=\"has-text-align-center\" data-align=\"center\">425<\/td><\/tr><tr><td class=\"has-text-align-left\" data-align=\"left\"><strong>Elsa Noem\u00ed Palomo Morales<\/strong><br>Sindicato D-V-117<\/td><td class=\"has-text-align-left\" data-align=\"left\"><\/td><td class=\"has-text-align-center\" data-align=\"center\">801<\/td><\/tr><tr><td class=\"has-text-align-left\" data-align=\"left\">Vigilancia<\/td><td class=\"has-text-align-left\" data-align=\"left\"><\/td><td class=\"has-text-align-center\" data-align=\"center\">901<\/td><\/tr><tr><td class=\"has-text-align-left\" data-align=\"left\"><strong>Alejandro Bielma L\u00f3pez<\/strong><br>Coordinaci\u00f3n de Ingenier\u00eda Industrial<\/td><td class=\"has-text-align-left\" data-align=\"left\">dep_ii@minatitlan.tecnm.mx<\/td><td class=\"has-text-align-center\" data-align=\"center\">419<\/td><\/tr><tr><td class=\"has-text-align-left\" data-align=\"left\"><strong>Olivia Hern\u00e1ndez Dom\u00ednguez<\/strong><br>Coordinaci\u00f3n de Administraci\u00f3n de Empresas<\/td><td class=\"has-text-align-left\" data-align=\"left\">dep_la@minatitlan.tecnm.mx<\/td><td class=\"has-text-align-center\" data-align=\"center\">419<\/td><\/tr><tr><td class=\"has-text-align-left\" data-align=\"left\"><strong>Carlo<\/strong>s <strong>Valdivieso Rodr\u00edguez<\/strong><br>Coordinaci\u00f3n de Ingenier\u00eda Qu\u00edmica<\/td><td class=\"has-text-align-left\" data-align=\"left\">dep_iq@minatitlan.tecnm.mx<\/td><td class=\"has-text-align-center\" data-align=\"center\">419<\/td><\/tr><tr><td class=\"has-text-align-left\" data-align=\"left\"><strong>Yazm\u00edn Natalie Corona Mart\u00ednez<\/strong><br>Coordinaci\u00f3n de Ingenier\u00eda Ambiental<\/td><td class=\"has-text-align-left\" data-align=\"left\">dep_ia@minatitlan.tecnm.mx<\/td><td class=\"has-text-align-center\" data-align=\"center\">419<\/td><\/tr><tr><td class=\"has-text-align-left\" data-align=\"left\"><strong>Eliseo Hern\u00e1ndez Del Rivero <\/strong><br>Coordinaci\u00f3n de Ingenier\u00eda Electr\u00f3nica<\/td><td class=\"has-text-align-left\" data-align=\"left\">dep_ie@minatitlan.tecnm.mx<\/td><td class=\"has-text-align-center\" data-align=\"center\">419<\/td><\/tr><tr><td class=\"has-text-align-left\" data-align=\"left\"><strong>Angheless Hern\u00e1ndez Del Rivero<\/strong><br>Coordinaci\u00f3n de Ingenier\u00eda en Gesti\u00f3n Empresarial<\/td><td class=\"has-text-align-left\" data-align=\"left\">dep_ige@minatitlan.tecnm.mx<\/td><td class=\"has-text-align-center\" data-align=\"center\">419<\/td><\/tr><tr><td class=\"has-text-align-left\" data-align=\"left\"><strong>V\u00edctor Ignacio Velasco Huerta<\/strong><br>Coordinaci\u00f3n de Ingenier\u00eda en Sistemas Computacionales<\/td><td class=\"has-text-align-left\" data-align=\"left\">dep_isc@minatitlan.tecnm.mx<\/td><td class=\"has-text-align-center\" data-align=\"center\">419<\/td><\/tr><tr><td class=\"has-text-align-left\" data-align=\"left\"><strong>Isaac Mario Garc\u00eda Guill\u00e9n<br><\/strong>Coordinaci\u00f3n de Ingenier\u00eda Electromec\u00e1nica<\/td><td class=\"has-text-align-left\" data-align=\"left\">dep_iem@minatitlan.tecnm.mx<\/td><td class=\"has-text-align-center\" data-align=\"center\">419<\/td><\/tr><tr><td class=\"has-text-align-left\" data-align=\"left\"><strong>Liliana Angelina Aguirre Fuentes<\/strong><br>Coordinaci\u00f3n de Lenguas Extranjeras<\/td><td class=\"has-text-align-left\" data-align=\"left\">cle_coordinacion@minatitlan.tecnm.mx <\/td><td class=\"has-text-align-center\" data-align=\"center\">701<\/td><\/tr><tr><td class=\"has-text-align-left\" data-align=\"left\">Responsable del Sistema de Gesti\u00f3n de Igualdad de G\u00e9nero y No Discriminaci\u00f3n<\/td><td class=\"has-text-align-left\" data-align=\"left\">egen_minatitlan@tecnm.mx<\/td><td class=\"has-text-align-center\" data-align=\"center\"><\/td><\/tr><tr><td class=\"has-text-align-left\" data-align=\"left\"><strong>Javier Gregorio Lezama Jop<\/strong><br>Responsable del Sistema de Gesti\u00f3n Ambiental<\/td><td class=\"has-text-align-left\" data-align=\"left\">rga_minatitlan@tecnm.mx<\/td><td class=\"has-text-align-center\" data-align=\"center\"><\/td><\/tr><tr><td class=\"has-text-align-left\" data-align=\"left\"><strong>Haid\u00e9 Briguity Dom\u00ednguez Hern\u00e1ndez<\/strong><br>Responsable del Sistema de Gesti\u00f3n de la Calidad<\/td><td class=\"has-text-align-left\" data-align=\"left\">rd_minatitlan@tecnm.mx calidadrs@minatitlan.tecnm.mx<\/td><td class=\"has-text-align-center\" data-align=\"center\">601<\/td><\/tr><\/tbody><\/table><\/figure>\n","protected":false},"excerpt":{"rendered":"<p>Instituto Tecnol\u00f3gico de Minatitl\u00e1nBoulevard Institutos Tecnol\u00f3gicos No. 509 Colonia Buena Vista Norte C.P. 96848 Minatitl\u00e1n, Veracruz, M\u00e9xico. Tel\u00e9fonos 922 202 73 35922 202 73 34922 202 73 33 Nombre Correo Institucional Extensi\u00f3n Sergio Fernando Garibay ArmentaDirector dir_minatitlan@minatitlan.tecnm.mx Edrey Alor LunaSecretaria de Direcci\u00f3n 100 Eduardo Enoch Galindo S\u00e1nchezSubdirecci\u00f3n de Servicios Administrativos subadministrativa@minatitlan.tecnm.mxadmon_minatitlan@tecnm.mx 201 200 Zeiny Isabel [&hellip;]<\/p>\n","protected":false},"author":1,"featured_media":0,"parent":0,"menu_order":0,"comment_status":"closed","ping_status":"closed","template":"","meta":{"advgb_blocks_editor_width":"","advgb_blocks_columns_visual_guide":"","footnotes":""},"class_list":["post-852","page","type-page","status-publish","hentry"],"coauthors":[],"author_meta":{"author_link":"https:\/\/minatitlan.tecnm.mx\/index.php\/author\/cc-itmina\/","display_name":"CC-ITMINA"},"relative_dates":{"created":"Publicado 4 a\u00f1os hace","modified":"Actualizado 2 meses hace"},"absolute_dates":{"created":"Publicado el 8 septiembre, 2022","modified":"Actualizado el 9 febrero, 2026"},"absolute_dates_time":{"created":"Publicado el 8 septiembre, 2022 10:43 pm","modified":"Actualizado el 9 febrero, 2026 10:30 am"},"featured_img_caption":"","featured_img":false,"series_order":"","_links":{"self":[{"href":"https:\/\/minatitlan.tecnm.mx\/index.php\/wp-json\/wp\/v2\/pages\/852","targetHints":{"allow":["GET"]}}],"collection":[{"href":"https:\/\/minatitlan.tecnm.mx\/index.php\/wp-json\/wp\/v2\/pages"}],"about":[{"href":"https:\/\/minatitlan.tecnm.mx\/index.php\/wp-json\/wp\/v2\/types\/page"}],"author":[{"embeddable":true,"href":"https:\/\/minatitlan.tecnm.mx\/index.php\/wp-json\/wp\/v2\/users\/1"}],"replies":[{"embeddable":true,"href":"https:\/\/minatitlan.tecnm.mx\/index.php\/wp-json\/wp\/v2\/comments?post=852"}],"version-history":[{"count":26,"href":"https:\/\/minatitlan.tecnm.mx\/index.php\/wp-json\/wp\/v2\/pages\/852\/revisions"}],"predecessor-version":[{"id":53334,"href":"https:\/\/minatitlan.tecnm.mx\/index.php\/wp-json\/wp\/v2\/pages\/852\/revisions\/53334"}],"wp:attachment":[{"href":"https:\/\/minatitlan.tecnm.mx\/index.php\/wp-json\/wp\/v2\/media?parent=852"}],"curies":[{"name":"wp","href":"https:\/\/api.w.org\/{rel}","templated":true}]}}